{"id":878,"date":"2025-10-15T11:58:24","date_gmt":"2025-10-15T09:58:24","guid":{"rendered":"https:\/\/3d-printere.dk\/index.php\/vare\/soft-snack-neuseeland-2\/"},"modified":"2025-10-15T11:58:29","modified_gmt":"2025-10-15T09:58:29","slug":"soft-snack-neuseeland-2","status":"publish","type":"product","link":"https:\/\/3d-printere.dk\/index.php\/vare\/soft-snack-neuseeland-2\/","title":{"rendered":"Soft Snack Neuseeland"},"content":{"rendered":"<p>Sund snack som bel\u00f8nning mellem m\u00e5ltiderne. Den bl\u00f8de, hjerteformede snack er ideel til at fork\u00e6le din hund med, eller som et mellemm\u00e5ltid. Ideel til hunde af mellemstore og store racer. Soft Snack fremstilles uden tils\u00e6tning af sukker og konserveringsmidler.<\/p>\n<p>Fremstillet i Tyskland under den strengeste kvalitetskontrol.<\/p>\n<p>&nbsp;<\/p>\n<p><strong>Ingredienser:<\/strong><strong><br \/>\n<\/strong>Vegetabilske biprodukter, lammeprotein* (15%), ris, majsmel, majs, risprotein*, hydrolyseret protein, solsikkeolie, kaliumchlorid, g\u00e6r*, natriumchlorid, tang*, h\u00f8rfr\u00f8, muslingek\u00f8d*, g\u00e6r* (ekstraheret); *) t\u00f8rret.<\/p>\n<p><strong>Analytiske bestanddele<\/strong><strong><br \/>\n<\/strong>R\u00e5protein 17,5%, r\u00e5fedt 5,5%, r\u00e5fibre 1,5%, r\u00e5aske 8,0%, vandindhold 14,0 %.<\/p>\n<p>&nbsp;<\/p>\n<p><strong>Tils\u00e6tningsstoffer:<\/strong><\/p>\n<p><strong>Vitaminer \/kg:<\/strong><br \/>\nVitamin A (3a672a) 14000 IE, vitamin D3 (3a671) 865 IE, taurin (3a370) 400 mg.<\/p>\n<p><strong>Sporstoffer\/kg:<\/strong><br \/>\nJern (jern(II)sulfat, monohydrat 3b103) 40 mg, kobber (kobber(II) ) -sulfatpentahydrat 3b405) 9 mg, zink (zinkoxid 3b603 75 mg, aminosyre zinkchelat, hydrat 3b606 10 mg) 85 mg, mangan (mangan (II) oxid 3b502) 21 mg, calcium 0,2 biodat (21 mg, hydroanhydro23jod) 1,5 mg, selen (natriumselenit 3b801) 0,1 mg.<\/p>\n<p>Antioxidanter, tocopherolekstrakter fra vegetabilske olier 1b306(i).<\/p>\n<p>&nbsp;<\/p>\n<p><strong>Fodring:<\/strong><br \/>\nTilbyd et par stykker flere gang om dagen som bel\u00f8nning \u2013 eller som et lille mellemm\u00e5ltid. S\u00f8rg for at der er frisk drikkevand til r\u00e5dighed p\u00e5 alle tidspunkter.<\/p>\n","protected":false},"excerpt":{"rendered":"<p>&nbsp;<\/p>\n<p><!--more--><\/p>\n<p>Findes i poser \u00e1 100 gr<\/p>\n<ul>\n<li>Hjerteformede velsmagende snacks<\/li>\n<li>Lam og ris<\/li>\n<li>Hvedefri og letford\u00f8jelig<\/li>\n<li>Praktisk genluk-funktion<\/li>\n<li>17,5\/5,5\u00a0 protein\/fedt<\/li>\n<li>Anbefalet af dyrl\u00e6ger og opdr\u00e6ttere<\/li>\n<\/ul>\n","protected":false},"featured_media":0,"comment_status":"closed","ping_status":"closed","template":"","meta":[],"product_brand":[],"product_cat":[1176,1430,1431,1432,1718,1719,1717],"product_tag":[],"class_list":{"0":"post-878","1":"product","2":"type-product","3":"status-publish","5":"product_cat-fordoejelse-hund","6":"product_cat-hvedefri-hund-fordoejelse-hund","7":"product_cat-maxi-hund-hvedefri-hund-fordoejelse-hund","8":"product_cat-medium-hund-maxi-hund-hvedefri-hund-fordoejelse-hund","9":"product_cat-sensible-hund-voksen-hund-medium-hund-maxi-hund-hvedefri-hund-fordoejelse-hund","10":"product_cat-snacks-og-kiks-hund-sensible-hund-voksen-hund-medium-hund-maxi-hund-hvedefri-hund-fordoejelse-hund","11":"product_cat-voksen-hund-medium-hund-maxi-hund-hvedefri-hund-fordoejelse-hund","13":"first","14":"onbackorder","15":"taxable","16":"shipping-taxable","17":"purchasable","18":"product-type-simple"},"supplier_id":null,"supplier_sku":"","barcode":null,"atum_controlled":true,"out_stock_date":"2025-10-15 11:58:28","out_stock_threshold":null,"inheritable":false,"inbound_stock":null,"stock_on_hold":0,"sold_today":0,"sales_last_days":0,"reserved_stock":null,"customer_returns":null,"warehouse_damage":null,"lost_in_post":null,"other_logs":null,"out_stock_days":102,"lost_sales":0,"has_location":null,"update_date":"2026-01-26T00:06:52","atum_locations":[],"atum_stock_status":"onbackorder","restock_status":false,"low_stock_amount":"","sales_update_date":"2026-01-26T00:06:52","calc_backorders":0,"_links":{"self":[{"href":"https:\/\/3d-printere.dk\/index.php\/wp-json\/wp\/v2\/product\/878","targetHints":{"allow":["GET"]}}],"collection":[{"href":"https:\/\/3d-printere.dk\/index.php\/wp-json\/wp\/v2\/product"}],"about":[{"href":"https:\/\/3d-printere.dk\/index.php\/wp-json\/wp\/v2\/types\/product"}],"replies":[{"embeddable":true,"href":"https:\/\/3d-printere.dk\/index.php\/wp-json\/wp\/v2\/comments?post=878"}],"wp:attachment":[{"href":"https:\/\/3d-printere.dk\/index.php\/wp-json\/wp\/v2\/media?parent=878"}],"wp:term":[{"taxonomy":"product_brand","embeddable":true,"href":"https:\/\/3d-printere.dk\/index.php\/wp-json\/wp\/v2\/product_brand?post=878"},{"taxonomy":"product_cat","embeddable":true,"href":"https:\/\/3d-printere.dk\/index.php\/wp-json\/wp\/v2\/product_cat?post=878"},{"taxonomy":"product_tag","embeddable":true,"href":"https:\/\/3d-printere.dk\/index.php\/wp-json\/wp\/v2\/product_tag?post=878"}],"curies":[{"name":"wp","href":"https:\/\/api.w.org\/{rel}","templated":true}]}}