{"id":626,"date":"2025-10-15T11:56:57","date_gmt":"2025-10-15T09:56:57","guid":{"rendered":"https:\/\/3d-printere.dk\/index.php\/vare\/hundekiks-naturcroq-lam-og-ris\/"},"modified":"2025-10-15T11:57:10","modified_gmt":"2025-10-15T09:57:10","slug":"hundekiks-naturcroq-lam-og-ris","status":"publish","type":"product","link":"https:\/\/3d-printere.dk\/index.php\/vare\/hundekiks-naturcroq-lam-og-ris\/","title":{"rendered":"Hundekiks &#8211; NaturCroq Lam og ris"},"content":{"rendered":"<p>Velegnet til besk\u00e6ftigelse eller som bel\u00f8nning.<\/p>\n<p>Fremstillet i Tyskland under den strengeste kvalitetskontrol.<\/p>\n<p>&nbsp;<\/p>\n<p><strong>Ingredienser:<br \/>\n<\/strong>Korn (78%, heraf ris 20%), k\u00f8d og animalske biprodukter (lam 15%), vegetabilske biprodukter (hvedekim 6%), mineraler.<\/p>\n<p><strong>Analytiske bestanddele<\/strong><br \/>\nR\u00e5protein 20,0%, r\u00e5fedt 6,0%, r\u00e5fiber 5,0%, r\u00e5aske 7,0%, calcium 1,0%, fosfor 0,8%.<\/p>\n<p><strong>Tils\u00e6tningsstoffer:<br \/>\n<\/strong>Uden tils\u00e6tningsstoffer<\/p>\n<p>&nbsp;<\/p>\n<p><span style=\"font: 12px\/25px 'Libre Baskerville', serif; text-align: left; color: #000000; text-transform: none; text-indent: 0px; letter-spacing: normal; word-spacing: 0px; float: none; display: inline !important; white-space: normal; widows: 1; font-size-adjust: none; font-stretch: normal; background-color: #ffffff; -webkit-text-stroke-width: 0px;\">\u00a0<\/span><\/p>\n","protected":false},"excerpt":{"rendered":"<p>&nbsp;<\/p>\n<p><!--more--><\/p>\n<p>Findes i 5 kg<\/p>\n<ul>\n<li>Runde knasende kiks med lam<\/li>\n<li>Til mellemstore og store hunde<\/li>\n<li>Uden tils\u00e6tningsstoffer<\/li>\n<li>20\/6 protein\/fedt<\/li>\n<li>Anbefalet af dyrl\u00e6ger og opdr\u00e6ttere<\/li>\n<\/ul>\n","protected":false},"featured_media":0,"comment_status":"closed","ping_status":"closed","template":"","meta":[],"product_brand":[],"product_cat":[1288],"product_tag":[],"class_list":{"0":"post-626","1":"product","2":"type-product","3":"status-publish","5":"product_cat-snacks-og-kiks-hund","6":"pa_posestoerrelse-a1s15kassestoerrelsea6s4names15kassestoerrelses5values45-kgs8positioni0s10is_visiblei1s12is_variationi1s11is_taxonomyi0","8":"first","9":"onbackorder","10":"taxable","11":"shipping-taxable","12":"product-type-simple"},"supplier_id":null,"supplier_sku":"","barcode":null,"atum_controlled":true,"out_stock_date":"2025-10-15 11:57:09","out_stock_threshold":null,"inheritable":false,"inbound_stock":null,"stock_on_hold":0,"sold_today":0,"sales_last_days":0,"reserved_stock":null,"customer_returns":null,"warehouse_damage":null,"lost_in_post":null,"other_logs":null,"out_stock_days":102,"lost_sales":0,"has_location":null,"update_date":"2026-01-26T00:06:51","atum_locations":[],"atum_stock_status":"onbackorder","restock_status":false,"low_stock_amount":"","sales_update_date":"2026-01-26T00:06:51","calc_backorders":0,"_links":{"self":[{"href":"https:\/\/3d-printere.dk\/index.php\/wp-json\/wp\/v2\/product\/626","targetHints":{"allow":["GET"]}}],"collection":[{"href":"https:\/\/3d-printere.dk\/index.php\/wp-json\/wp\/v2\/product"}],"about":[{"href":"https:\/\/3d-printere.dk\/index.php\/wp-json\/wp\/v2\/types\/product"}],"replies":[{"embeddable":true,"href":"https:\/\/3d-printere.dk\/index.php\/wp-json\/wp\/v2\/comments?post=626"}],"wp:attachment":[{"href":"https:\/\/3d-printere.dk\/index.php\/wp-json\/wp\/v2\/media?parent=626"}],"wp:term":[{"taxonomy":"product_brand","embeddable":true,"href":"https:\/\/3d-printere.dk\/index.php\/wp-json\/wp\/v2\/product_brand?post=626"},{"taxonomy":"product_cat","embeddable":true,"href":"https:\/\/3d-printere.dk\/index.php\/wp-json\/wp\/v2\/product_cat?post=626"},{"taxonomy":"product_tag","embeddable":true,"href":"https:\/\/3d-printere.dk\/index.php\/wp-json\/wp\/v2\/product_tag?post=626"}],"curies":[{"name":"wp","href":"https:\/\/api.w.org\/{rel}","templated":true}]}}