{"id":609,"date":"2025-10-15T11:56:57","date_gmt":"2025-10-15T09:56:57","guid":{"rendered":"https:\/\/3d-printere.dk\/index.php\/vare\/profi-line-mini-adult\/"},"modified":"2025-10-15T11:57:08","modified_gmt":"2025-10-15T09:57:08","slug":"profi-line-mini-adult","status":"publish","type":"product","link":"https:\/\/3d-printere.dk\/index.php\/vare\/profi-line-mini-adult\/","title":{"rendered":"Profi-Line Mini Adult"},"content":{"rendered":"<p><strong>Ingredienser:<br \/>\n<\/strong>Korn (inkl. majs, ris (4 %)), k\u00f8d og animalske biprodukter* (inkl. fjerkr\u00e6protein* (16 %)), olier og fedtstoffer, fisk og fiskebiprodukter*, plantebiprodukter* (inkl. \u00e6blekvas*), mineraler, g\u00e6r*, alger*, fr\u00f8, \u00e6g og \u00e6ggeprodukter*, bl\u00f8ddyr og skaldyr* (inkl. muslingepulver); *) t\u00f8rret.<\/p>\n<p><strong>Metabolis\u00e9rbar energi:<br \/>\n<\/strong>3825 kcal\/kg.<\/p>\n<p><strong>Analytiske bestanddele:<\/strong><br \/>\nR\u00e5protein 26,0 %, r\u00e5fedt 14,0 %, r\u00e5fiber 1,5 %, r\u00e5aske 7,5 %, calcium 1,5 %, fosfor 1,0 %, natrium 0,35 %, omega-6-fedtsyrer 3,5 %, omega-3-fedtsyrer 0,4 %.<\/p>\n<p>&nbsp;<\/p>\n<p><strong>Tils\u00e6tningsstoffer:<\/strong><\/p>\n<p><strong>Vitaminer\/kg<\/strong>:<br \/>\nVitamin A 18000 I.E., Vitamin D3 950 I.E.<\/p>\n<p><strong>Sporstoffer\/kg:<br \/>\n<\/strong>Jern (3b103) 45 mg, kobber (3b405) 10 mg, zink (3b603, 3b606) 95 mg, mangan (3b502) 24 mg, jod (3b202) 2 mg, selen (3b801) 0,1 mg.<\/p>\n<p>Antioxidationsmiddel, tocopherolekstrakter fra planteolier 1b306(i).<\/p>\n<p>&nbsp;<\/p>\n<p><strong>Anbefalet daglig foderm\u00e6ngde (g\/dag):<\/strong><\/p>\n<p><img loading=\"lazy\" decoding=\"async\" class=\"alignnone wp-image-7300\" src=\"https:\/\/3d-printere.dk\/wp-content\/uploads\/2025\/10\/Profi-26_14-MINI-1024-1-600x333.jpg\" alt=\"\" width=\"403\" height=\"224\" \/><\/p>\n<p><strong>Fodring:<br \/>\n<\/strong>Giv foderet t\u00f8r eller tilf\u00f8j frisk, varmt vand (ved omkring 50-60\u00b0 C) og lad det tr\u00e6kke i et par minutter. S\u00f8rg for, at der er frisk drikkevand til r\u00e5dighed p\u00e5 alle tidspunkter. Reducer m\u00e6ngden af foder, hvis du ogs\u00e5 giver din hund snacks\/godbidder. I betragtning af forskellen mellem de enkelte hunde, kan den angivne daglige m\u00e6ngde reduceres med op til 15 %, hvis hunden har tendens til at v\u00e6re overv\u00e6gtig.<\/p>\n","protected":false},"excerpt":{"rendered":"<p>&nbsp;<\/p>\n<p><!--more--><\/p>\n<p>PRODUKTET S\u00c6LGES KUN TIL OPDR\u00c6TTERE<\/p>\n<p>Findes i 18 kg.<\/p>\n<ul>\n<li>Fuldfoder til voksne mini-hunde<br \/>\nop til 10 kg voksenv\u00e6gt<\/li>\n<li>26\/14 protein\/fedt<\/li>\n<li>Til alle mini-racer<\/li>\n<li>H\u00f8j optagelighed og letford\u00f8jelig<\/li>\n<li>Med fjerkr\u00e6, laks<\/li>\n<li>Uden soja, kunstige farvestoffer, aromaer<br \/>\nog konserveringsmidler<\/li>\n<li>Anbefalet af dyrel\u00e6ger og opdr\u00e6ttere<\/li>\n<li>Fremstillet i Tyskland under den strengeste kvalitetskontrol<\/li>\n<\/ul>\n","protected":false},"featured_media":0,"comment_status":"closed","ping_status":"closed","template":"","meta":[],"product_brand":[],"product_cat":[1278,1279],"product_tag":[],"class_list":{"0":"post-609","1":"product","2":"type-product","3":"status-publish","5":"product_cat-opdraetter-serie-hund","6":"product_cat-profiline","7":"pa_posestoerrelse-a1s14posestoerrelsea6s4names14posestoerrelses5values518-kgs8positioni0s10is_visiblei1s12is_variationi1s11is_taxonomyi0","9":"first","10":"onbackorder","11":"taxable","12":"shipping-taxable","13":"product-type-simple"},"supplier_id":null,"supplier_sku":"","barcode":null,"atum_controlled":true,"out_stock_date":"2025-10-15 11:57:08","out_stock_threshold":null,"inheritable":false,"inbound_stock":null,"stock_on_hold":0,"sold_today":0,"sales_last_days":0,"reserved_stock":null,"customer_returns":null,"warehouse_damage":null,"lost_in_post":null,"other_logs":null,"out_stock_days":102,"lost_sales":0,"has_location":null,"update_date":"2026-01-26T00:06:51","atum_locations":[],"atum_stock_status":"onbackorder","restock_status":false,"low_stock_amount":"","sales_update_date":"2026-01-26T00:06:51","calc_backorders":0,"_links":{"self":[{"href":"https:\/\/3d-printere.dk\/index.php\/wp-json\/wp\/v2\/product\/609","targetHints":{"allow":["GET"]}}],"collection":[{"href":"https:\/\/3d-printere.dk\/index.php\/wp-json\/wp\/v2\/product"}],"about":[{"href":"https:\/\/3d-printere.dk\/index.php\/wp-json\/wp\/v2\/types\/product"}],"replies":[{"embeddable":true,"href":"https:\/\/3d-printere.dk\/index.php\/wp-json\/wp\/v2\/comments?post=609"}],"wp:attachment":[{"href":"https:\/\/3d-printere.dk\/index.php\/wp-json\/wp\/v2\/media?parent=609"}],"wp:term":[{"taxonomy":"product_brand","embeddable":true,"href":"https:\/\/3d-printere.dk\/index.php\/wp-json\/wp\/v2\/product_brand?post=609"},{"taxonomy":"product_cat","embeddable":true,"href":"https:\/\/3d-printere.dk\/index.php\/wp-json\/wp\/v2\/product_cat?post=609"},{"taxonomy":"product_tag","embeddable":true,"href":"https:\/\/3d-printere.dk\/index.php\/wp-json\/wp\/v2\/product_tag?post=609"}],"curies":[{"name":"wp","href":"https:\/\/api.w.org\/{rel}","templated":true}]}}