{"id":1819,"date":"2025-12-05T15:59:07","date_gmt":"2025-12-05T14:59:07","guid":{"rendered":"https:\/\/3d-printere.dk\/index.php\/vare\/minkas-haarbolle-kontrol-6\/"},"modified":"2025-12-05T15:59:21","modified_gmt":"2025-12-05T14:59:21","slug":"minkas-haarbolle-kontrol-6","status":"publish","type":"product","link":"https:\/\/3d-printere.dk\/index.php\/vare\/minkas-haarbolle-kontrol-6\/","title":{"rendered":"Minkas H\u00e5rbolle Kontrol"},"content":{"rendered":"<p>Happy Cat Minkas Hairball Control er beriget med specielle fibre, der underst\u00f8tter reduktionen af h\u00e5rboller og bidrager til en god aff\u00f8ring. Det afbalancerede komplette foder, er ideel til voksne katte og forsyner dem med alt, hvad de har brug for. Opskriften med en h\u00f8j andel af v\u00e6rdifulde animalske proteiner er 100 % afbalanceret og naturlig. Det velsmagende t\u00f8rfoder er beriget med mange vitaminer og mineraler og bidrager til immunforsvaret og er fri for kunstige aromaer og konserveringsmidler. Det velsmagende foder er rig p\u00e5 omega-3- og omega -6-fedtsyrer.<\/p>\n<p>Happy Cat\u00b4s \u201c<a href=\"https:\/\/haps.centrumdyrehandel.dk\/happy-dog-natural-life-concept\/\" target=\"_blank\" rel=\"noopener\">Natural Life Concept<\/a>\u201d \u00a0findes i alle Happy Cat Minkas produkter.<\/p>\n<p>Fremstillet i Tyskland under den strengeste kvalitetskontrol.<\/p>\n<p>&nbsp;<\/p>\n<p><strong>Ingredienser:<br \/>\n<\/strong>Animalsk protein* (29,5 % fra fjerkr\u00e6), hvedemel, hvede, majs, olier og fedtstoffer, hydrolyseret protein*, kartoffelprotein*, fiskemel, roetr\u00e6vler* (afsukret), lignocellulose, \u00e6blekvas*, natriumchlorid, yucca schidigera* (0,04%); *t\u00f8rret<\/p>\n<p><strong>Analytiske bestanddele:<\/strong><br \/>\nR\u00e5protein 31,0%, r\u00e5fedt 12,0%, r\u00e5fiber 3,0%, r\u00e5aske 6,5%, calcium 1,2%, fosfor 1,0%, natrium 0,4%, kalium 0,6%, magnesium 0,14%, omega-6-fedtsyrer 2,5%, omega-3- fedtsyrer 0,3%.<\/p>\n<p>&nbsp;<\/p>\n<p><strong>Tils\u00e6tningsstoffer:<\/strong><\/p>\n<p><strong>Vitaminer\/kg:<br \/>\n<\/strong>Vitamin A (3a672a) 15000 IE, Vitamin D3 (3a671) 900 IE, Vitamin E (alle rac-alpha-tocopherylacetat 3a700) 110 mg, Taurin (3a370) 1000 mg<\/p>\n<p><strong>Sporstoffer\/kg:<br \/>\n<\/strong>Jern (Jern II) -sulfatmonohydrat 3b103) 65 mg, kobber (kobber (II) sulfatpentahydrat 3b405) 13 mg, zink (zinkoxid 3b603) 85 mg, mangan (mangan (II) oxid 3b502) 16 mg, anciumjod (kalisk jod) 3b202) 1,5 mg, selen (natriumselenit 3b801) 0,25 mg<\/p>\n<p><strong>Aminosyrer\/kg:<\/strong><br \/>\nDL-methionin (3c301) 4500 mg.<\/p>\n<div class=\"cms-block pos-6 cms-block-product-description-reviews\">\n<div class=\"cms-block-container\">\n<div class=\"cms-block-container-row row cms-row \">\n<div class=\"col-12\" data-cms-element-id=\"018e36b0273372bd8333aa91fe749ae8\">\n<div class=\"product-detail-tabs cms-element-product-description-reviews\">\n<div class=\"card card-tabs\">\n<div class=\"product-detail-tabs-content card-body\">\n<div class=\"tab-content\">\n<div id=\"additives-tab-pane\" class=\"tab-pane fade active show\" role=\"tabpanel\" aria-labelledby=\"additives-tab\">\n<div class=\"offcanvas-body\">\n<div class=\"product-detail-additives tab-pane-container\">\n<div class=\"product-detail-additives-text\">\n<p>Antioxidant, tocopherolekstrakter fra vegetabilske olier 1b306(i)<\/p>\n<p>&nbsp;<\/p>\n<\/div>\n<\/div>\n<\/div>\n<\/div>\n<\/div>\n<\/div>\n<\/div>\n<\/div>\n<\/div>\n<\/div>\n<\/div>\n<\/div>\n<div class=\"cms-block pos-7 cms-block-cross-selling\">\n<div data-cross-selling=\"true\"><\/div>\n<\/div>\n<p><strong>Anbefalet daglig foderm\u00e6ngde (g\/dag):<\/strong><\/p>\n<p><img loading=\"lazy\" decoding=\"async\" class=\"alignnone wp-image-6693\" src=\"https:\/\/haps.centrumdyrehandel.dk\/wp-content\/uploads\/2022\/06\/Minkas-haarbolle-kontrol-240424-600x395.jpg\" alt=\"\" width=\"500\" height=\"329\" \/><\/p>\n<p>S\u00f8rg for, at der er frisk drikkevand til r\u00e5dighed p\u00e5 alle tidspunkter, i en god afstand fra fodersk\u00e5len. I betragtning af forskellen mellem de enkelte katte, kan den angivne daglige m\u00e6ngde reduceres med op til 15 %. Opdel den daglige m\u00e6ngde af foder, i flere m\u00e5ltider.<\/p>\n","protected":false},"excerpt":{"rendered":"<p>&nbsp;<\/p>\n<p><!--more--><\/p>\n<p>Findes i 1,5 kg &#8211; 4 kg og 10 kg<\/p>\n<ul>\n<li>Komplet foder til voksne katte<\/li>\n<li>Fjerkr\u00e6<\/li>\n<li>Reducerer h\u00e5rbolledannelse<\/li>\n<li>V\u00e6rdifulde vitaminer<\/li>\n<li>Indeholder taurin<\/li>\n<li>Reduceret aff\u00f8ringslugt<\/li>\n<li>31\/12 protein\/fedt<\/li>\n<li>Anbefalet af dyrl\u00e6ger og opdr\u00e6ttere<\/li>\n<\/ul>\n","protected":false},"featured_media":0,"comment_status":"closed","ping_status":"closed","template":"","meta":[],"product_brand":[],"product_cat":[1298,1403,1933,2070,2071,2083,2073,2074],"product_tag":[],"class_list":{"0":"post-1819","1":"product","2":"type-product","3":"status-publish","5":"product_cat-aktiv-kat","6":"product_cat-happy-cat-minkas-2","7":"product_cat-kattefoder-2","8":"product_cat-maxi-kat-2","9":"product_cat-medium-kat-2","10":"product_cat-reduceret-affoeringslugt-2","11":"product_cat-toerfoder-kat-2","12":"product_cat-voksen-kat-2","14":"first","15":"instock","16":"featured","17":"purchasable","18":"product-type-simple"},"supplier_id":null,"supplier_sku":"","barcode":null,"atum_controlled":true,"out_stock_date":null,"out_stock_threshold":null,"inheritable":false,"inbound_stock":null,"stock_on_hold":0,"sold_today":0,"sales_last_days":0,"reserved_stock":null,"customer_returns":null,"warehouse_damage":null,"lost_in_post":null,"other_logs":null,"out_stock_days":0,"lost_sales":0,"has_location":null,"update_date":"2026-01-26T00:07:00","atum_locations":[],"atum_stock_status":"instock","restock_status":false,"low_stock_amount":"","sales_update_date":"2026-01-26T00:07:00","calc_backorders":null,"_links":{"self":[{"href":"https:\/\/3d-printere.dk\/index.php\/wp-json\/wp\/v2\/product\/1819","targetHints":{"allow":["GET"]}}],"collection":[{"href":"https:\/\/3d-printere.dk\/index.php\/wp-json\/wp\/v2\/product"}],"about":[{"href":"https:\/\/3d-printere.dk\/index.php\/wp-json\/wp\/v2\/types\/product"}],"replies":[{"embeddable":true,"href":"https:\/\/3d-printere.dk\/index.php\/wp-json\/wp\/v2\/comments?post=1819"}],"wp:attachment":[{"href":"https:\/\/3d-printere.dk\/index.php\/wp-json\/wp\/v2\/media?parent=1819"}],"wp:term":[{"taxonomy":"product_brand","embeddable":true,"href":"https:\/\/3d-printere.dk\/index.php\/wp-json\/wp\/v2\/product_brand?post=1819"},{"taxonomy":"product_cat","embeddable":true,"href":"https:\/\/3d-printere.dk\/index.php\/wp-json\/wp\/v2\/product_cat?post=1819"},{"taxonomy":"product_tag","embeddable":true,"href":"https:\/\/3d-printere.dk\/index.php\/wp-json\/wp\/v2\/product_tag?post=1819"}],"curies":[{"name":"wp","href":"https:\/\/api.w.org\/{rel}","templated":true}]}}