{"id":1796,"date":"2025-12-05T15:58:39","date_gmt":"2025-12-05T14:58:39","guid":{"rendered":"https:\/\/3d-printere.dk\/index.php\/vare\/senior-kat-weide-lamm-lam-7\/"},"modified":"2025-12-05T15:58:51","modified_gmt":"2025-12-05T14:58:51","slug":"senior-kat-weide-lamm-lam-7","status":"publish","type":"product","link":"https:\/\/3d-printere.dk\/index.php\/vare\/senior-kat-weide-lamm-lam-7\/","title":{"rendered":"Senior kat Weide-Lamm (Lam)"},"content":{"rendered":"<p>Den velsmagende opskrift med letford\u00f8jelig lam, guler\u00f8dder og koriander, er blevet til udviklet til katte p\u00e5 10 \u00e5r og derover. Lam er en s\u00e6rlig velafbalanceret og letford\u00f8jelig proteinkilde. Tilpasset til den aftagende stofskiftefunktion med alderen, indeholder t\u00f8rfoderet et tilpasset proteinniveau og en h\u00f8jere m\u00e6ngde af livsvigtige vitaminer og sporstoffer som f.eks. jern, kobber og mangan. En moderat fosfor-, calcium- og natriumindhold bidrager til at aflaste stofskiftet og sk\u00e5ne organerne. Den newzealandske gr\u00f8nl\u00e6bede musling, bidrager naturligt til knogler og led, med dens h\u00f8je indhold af glykosaminoglykaner.<\/p>\n<p>Happy Cat\u00b4s &#8220;<a href=\"https:\/\/haps.centrumdyrehandel.dk\/happy-dog-natural-life-concept\/\" target=\"_blank\" rel=\"noopener\">Natural Life Concept<\/a>&#8221; og \u201c<a href=\"https:\/\/haps.centrumdyrehandel.dk\/all-in-one-konceptet\/\" target=\"_blank\" rel=\"noopener\">All in one<\/a>\u201d , findes i alle Happy Cat Culinary produkter.<\/p>\n<p>Fremstillet i Tyskland under den strengeste kvalitetskontrol.<\/p>\n<p>&nbsp;<\/p>\n<p><strong>Ingredienser:<\/strong><strong><br \/>\n<\/strong>Animalsk protein* (fra fjerkr\u00e6), fedtegrever, lammeprotein* (9%), ris, majs, majsmel, kartoffel*, lignocellulose (5,5%), olier og fedtstoffer, risprotein*, hydrolyseret protein*, t\u00f8rrede roetr\u00e6vler, \u00e6blekvas* (0,8%), kaliumchlorid, g\u00e6r*, natriumchlorid, t\u00f8rrede hele \u00e6g, havalger*, h\u00f8rfr\u00f8 (0,16%), cikoriepulver (0,15% = 0,1% inulin), yucca schidigera* (0,1%), muslingek\u00f8d* (0,05%), marietidsel (0,024%), g\u00e6r* (ekstraheret, 0,02% = 0,0032%<br \/>\nMOS), artiskok, m\u00e6lkeb\u00f8tte, ingef\u00e6r, birkeblade, br\u00e6nden\u00e6lde, kamille, koriander, rosmarin (0,008%), salvie, lakridsrod, timian (t\u00f8rrede urter i alt: 0,16%); *) t\u00f8rret.<\/p>\n<p><strong>Analytiske bestanddele:<\/strong><strong><br \/>\n<\/strong>R\u00e5protein 29,0%, r\u00e5fedt 12,0%, r\u00e5fiber 3,0%, r\u00e5aske 6,5%, calcium 0,8%, fosfor 0,75%, natrium 0,45%, kalium 0,6%, magnesium 0,09%, omega-6-fedtsyrer 3,0%, omega-3-fedtsyrer 0,3%.<\/p>\n<p>&nbsp;<\/p>\n<p><strong>Tils\u00e6tningsstoffer<\/strong><\/p>\n<p><strong>Vitaminer \/ kg:<\/strong><strong><br \/>\n<\/strong>Vitamin A (3a672a) 17000 IE, Vitamin D3 (3a671) 930 IE, Vitamin E (3a700i) 125 mg, Vitamin B1 (3a821) 4 mg, Vitamin B2 (3a825ii) 4 mg, Vitamin B6 (3a831) (4 mg, Biotin) 3a880) 485 mcg, calcium D-pantothenat (3a841) 10 mg, Niacin (3a314) 50 mg, vitamin B12 70 mcg, vitamin C (3a312) 30 mg, cholinklorid (3a890) 50 mg, taurin (3a370) 1000 mg, L-Carnitin (3a910) 200 mg.<\/p>\n<p><strong>Sporstoffer \/ kg:<\/strong><strong><br \/>\n<\/strong>Jern (3b103) 60 mg, kobber (3b405) 12 mg, zink (3b603, 3b606) 105 mg, mangan (3b502) 25 mg, jod (3b202) 2,0 mg, selen (3b801) 0,15 mg.<\/p>\n<p><strong>Aminosyrer\/kg:<\/strong><strong><br \/>\n<\/strong>DL-Methionin (3c301) 4500 mg. Antioxidant, tocopherolekstrakter fra vegetabilske olier 1b306(i).<\/p>\n<p>&nbsp;<\/p>\n<p><strong>Anbefalet daglig foderm\u00e6ngde (g\/dag):<\/strong><\/p>\n<p><img loading=\"lazy\" decoding=\"async\" class=\"alignnone wp-image-6602\" src=\"https:\/\/haps.centrumdyrehandel.dk\/wp-content\/uploads\/2024\/04\/Senior-weide-lamm-220424-600x395.jpg\" alt=\"\" width=\"500\" height=\"329\" \/><\/p>\n<p>S\u00f8rg for, at der er frisk drikkevand til r\u00e5dighed p\u00e5 alle tidspunkter, i en god afstand fra fodersk\u00e5len. I betragtning af forskellen mellem de enkelte katte, kan den angivne daglige m\u00e6ngde reduceres med op til 15 %. Opdel den daglige m\u00e6ngde af foder, i flere m\u00e5ltider.<\/p>\n","protected":false},"excerpt":{"rendered":"<p>&nbsp;<\/p>\n<p><!--more--><\/p>\n<p>Findes i 300 gr &#8211; 1,3 kg og 4 kg<\/p>\n<ul>\n<li>Komplet foder til seniorkatte<\/li>\n<li>Lam, rosmarin og marietidsel<\/li>\n<li>Tilpasset protein- og mineral indhold<\/li>\n<li>Bedre bev\u00e6gelighed til \u00e6ldre katte<\/li>\n<li>Letford\u00f8jelig<\/li>\n<li>Tilpasset den \u00e6ldre kats behov<\/li>\n<li>29\/12 protein\/fedt<\/li>\n<li>Anbefalet af dyrl\u00e6ger og opdr\u00e6ttere<\/li>\n<\/ul>\n","protected":false},"featured_media":0,"comment_status":"closed","ping_status":"closed","template":"","meta":[],"product_brand":[],"product_cat":[1944,1933,2069,2070,2071,2073,2074],"product_tag":[],"class_list":{"0":"post-1796","1":"product","2":"type-product","3":"status-publish","5":"product_cat-happy-cat-senior-2","6":"product_cat-kattefoder-2","7":"product_cat-led-knogler-kat-2","8":"product_cat-maxi-kat-2","9":"product_cat-medium-kat-2","10":"product_cat-toerfoder-kat-2","11":"product_cat-voksen-kat-2","13":"first","14":"instock","15":"featured","16":"purchasable","17":"product-type-simple"},"supplier_id":null,"supplier_sku":"","barcode":null,"atum_controlled":true,"out_stock_date":null,"out_stock_threshold":null,"inheritable":false,"inbound_stock":null,"stock_on_hold":0,"sold_today":0,"sales_last_days":0,"reserved_stock":null,"customer_returns":null,"warehouse_damage":null,"lost_in_post":null,"other_logs":null,"out_stock_days":0,"lost_sales":0,"has_location":null,"update_date":"2026-01-26T00:07:00","atum_locations":[],"atum_stock_status":"instock","restock_status":false,"low_stock_amount":"","sales_update_date":"2026-01-26T00:07:00","calc_backorders":null,"_links":{"self":[{"href":"https:\/\/3d-printere.dk\/index.php\/wp-json\/wp\/v2\/product\/1796","targetHints":{"allow":["GET"]}}],"collection":[{"href":"https:\/\/3d-printere.dk\/index.php\/wp-json\/wp\/v2\/product"}],"about":[{"href":"https:\/\/3d-printere.dk\/index.php\/wp-json\/wp\/v2\/types\/product"}],"replies":[{"embeddable":true,"href":"https:\/\/3d-printere.dk\/index.php\/wp-json\/wp\/v2\/comments?post=1796"}],"wp:attachment":[{"href":"https:\/\/3d-printere.dk\/index.php\/wp-json\/wp\/v2\/media?parent=1796"}],"wp:term":[{"taxonomy":"product_brand","embeddable":true,"href":"https:\/\/3d-printere.dk\/index.php\/wp-json\/wp\/v2\/product_brand?post=1796"},{"taxonomy":"product_cat","embeddable":true,"href":"https:\/\/3d-printere.dk\/index.php\/wp-json\/wp\/v2\/product_cat?post=1796"},{"taxonomy":"product_tag","embeddable":true,"href":"https:\/\/3d-printere.dk\/index.php\/wp-json\/wp\/v2\/product_tag?post=1796"}],"curies":[{"name":"wp","href":"https:\/\/api.w.org\/{rel}","templated":true}]}}