{"id":1729,"date":"2025-12-05T15:57:22","date_gmt":"2025-12-05T14:57:22","guid":{"rendered":"https:\/\/3d-printere.dk\/index.php\/vare\/vet-kat-intestinal-vaadfoder-fordoejelsesproblemer-3\/"},"modified":"2025-12-05T15:57:27","modified_gmt":"2025-12-05T14:57:27","slug":"vet-kat-intestinal-vaadfoder-fordoejelsesproblemer-3","status":"publish","type":"product","link":"https:\/\/3d-printere.dk\/index.php\/vare\/vet-kat-intestinal-vaadfoder-fordoejelsesproblemer-3\/","title":{"rendered":"VET KAT Intestinal v\u00e5dfoder &#8211; Ford\u00f8jelsesproblemer"},"content":{"rendered":"<p>Di\u00e6tetisk fuldfoder til killinger fra 6. m\u00e5ned og voksne katte til lindring af akutte ford\u00f8jelsesproblemer<\/p>\n<p><strong>Indikation<\/strong><br \/>\nAkutte og kroniske mave-tarm-sygdomme<\/p>\n<p><strong>M\u00e5l<\/strong><br \/>\nAfbalancering af n\u00e6ringsstoffer ved utilstr\u00e6kkelig ford\u00f8jelse<br \/>\nAflastning af ford\u00f8jelsessystemet<\/p>\n<p>&nbsp;<\/p>\n<p><strong>Ingredienser<\/strong><br \/>\nKyllingek\u00f8d og animalske biprodukter fra kylling (37%) og svinek\u00f8d (12%), kartoffel, ris (3%), guler\u00f8dder, mineraler, cellulose, lakseolie, psylliumskaller, cikorierod (kilde til FOS), g\u00e6rekstraheret (kilde til MOS) ), urteblanding.<\/p>\n<p><strong>Analytiske bestanddele<br \/>\n<\/strong>R\u00e5protein 9,0%, r\u00e5fedt 3,8%, r\u00e5fiber 0,6%, r\u00e5aske 1,7%, fugtighed 80%, calcium 0,24%, fosfor 0,21%, natrium 0,12%, kalium 0,22 %, magnesium 0,02 %, omega-6 fedtsyrer 0,5 %, omega-3 fedtsyrer 0,15%, kulhydrater 4,9%<\/p>\n<p>&nbsp;<\/p>\n<p><strong>Tils\u00e6tningsstoffer<\/strong><\/p>\n<p><strong>Vitaminer \/ kg:<br \/>\n<\/strong>Vitamin D3 (3a671) 180 IE, vitamin E (alle rac-alpha-tocopherylacetat 3a700) 30 mg, vitamin B1 (thiaminmononitrat 3a821) 12 mg, vitamin B2 (riboflavin 3a825i) 4 mg, vitamin B6 hydrochlorid 3a831) 2,5 mg, biotin (3a880) 600 mcg, calcium D-pantothenat (3a841) 5,3 mg, niacinamid (3a315) 25 mg, vitamin B12 38,5 mcg, cholinchlorid (3a8030) mg (3a0890) mg (3a0890) klorid L-carnitin (3a910) 300 mg<\/p>\n<p><strong>Sporstoffer\/kg:<\/strong><br \/>\nKobber (kobber(II)sulfatpentahydrat 3b405) 1 mg, zink (zinksulfat, monohydrat 3b605) 18 mg, mangan (mangan(II)sulfat, monohydrat 3b503) 2 mg, jod (calciumiodat, vandfrit 3b220) ) 0,5 mg<\/p>\n<p><strong>Bindemiddel\/kg:<\/strong><br \/>\nDiatom\u00e9jord (E551c) 1500 mg<\/p>\n<p>&nbsp;<\/p>\n<p><strong>Kan ikke anbefales til<\/strong><br \/>\nPancreatitis<br \/>\n(bet\u00e6ndelse i bugspytkirtlen)<br \/>\nHyperlipid\u00e6mi<br \/>\n(forh\u00f8jet fedtstof i blodet)<br \/>\nSygdomme, der kr\u00e6ver en \u00f8get reduktion af fedtindhold<br \/>\nKillinger og unge katte<br \/>\nop til 6. levem\u00e5ned<br \/>\nGraviditet, diegivende<br \/>\nKatte med Natriumretention<br \/>\n(hyppig vandladning)<\/p>\n<p>&nbsp;<\/p>\n<p><img loading=\"lazy\" decoding=\"async\" class=\"alignnone size-medium wp-image-6203\" src=\"https:\/\/haps.centrumdyrehandel.dk\/wp-content\/uploads\/2024\/04\/VET-KAT-intestinal-vaadfoder-foderplan-030424-300x183.jpg\" alt=\"\" width=\"300\" height=\"183\" \/><\/p>\n<p><strong>Anbefalet varighed<\/strong><br \/>\nOp til 12 uger<\/p>\n<p><strong>R\u00e5dgivning om fodring<\/strong><br \/>\nSom snack anbefaler vi Happy Cat Sensitive Snack.<\/p>\n<p><strong>Anbefalet foderm\u00e6ngde pr. dag<\/strong><br \/>\nM\u00e6ngden af \u200b\u200bfoder skal tilpasses kattens individuelle stofskifte og skal muligvis justeres i moderate m\u00e6ngder. Katten skal altid have frisk vand til r\u00e5dighed.<\/p>\n<p>* Fra den 10. levem\u00e5ned kan foderm\u00e6ngden (efter neutralisering) langsomt reduceres til den daglige m\u00e6ngde, der anbefales til \u201cdet normale behov for en voksen kat\u201d i overensstemmelse med det faldende energibehov.<br \/>\nVed blandet fodring bem\u00e6rk: 100 g v\u00e5dfoder \u2248 23 g t\u00f8rfoder<\/p>\n","protected":false},"excerpt":{"rendered":"<p>&nbsp;<\/p>\n<p><!--more--><\/p>\n<p><span style=\"color: #339966;\">M\u00c5 KUN ANVENDES EFTER AFTALE MED EN DYRL\u00c6GE<\/span><br \/>\n<span style=\"color: #339966;\">Happy Cat VET er kun tilg\u00e6ngelig hos godkendte forhandlere<\/span><\/p>\n<p>Findes i 200 gr<\/p>\n<ul>\n<li>Akut og kronisk mave-tarm sygdomme<\/li>\n<li>Forbedret optagelse af n\u00e6ringsstoffer<\/li>\n<li>Med letford\u00f8jelige ingredienser som kylling og ris<\/li>\n<li>Stabilisering af aff\u00f8ringen og styrkelse af tarmfloraen ved hj\u00e6lp af kostfibre<\/li>\n<li>Tilpasset indhold af kulhydrat for at sk\u00e5ne ford\u00f8jelsessystemet<\/li>\n<\/ul>\n","protected":false},"featured_media":1185,"comment_status":"closed","ping_status":"closed","template":"","meta":[],"product_brand":[],"product_cat":[1869,2111,2110],"product_tag":[],"class_list":{"0":"post-1729","1":"product","2":"type-product","3":"status-publish","4":"has-post-thumbnail","6":"product_cat-vet-kat-2","7":"product_cat-vet-kat-fordoejelsesbesvaer-2","8":"product_cat-vet-kat-vaadkost-2","10":"first","11":"instock","12":"featured","13":"product-type-simple"},"supplier_id":null,"supplier_sku":"","barcode":null,"atum_controlled":true,"out_stock_date":null,"out_stock_threshold":null,"inheritable":false,"inbound_stock":null,"stock_on_hold":0,"sold_today":0,"sales_last_days":0,"reserved_stock":null,"customer_returns":null,"warehouse_damage":null,"lost_in_post":null,"other_logs":null,"out_stock_days":0,"lost_sales":0,"has_location":null,"update_date":"2026-01-26T00:06:57","atum_locations":[],"atum_stock_status":"instock","restock_status":false,"low_stock_amount":"","sales_update_date":"2026-01-26T00:06:57","calc_backorders":null,"_links":{"self":[{"href":"https:\/\/3d-printere.dk\/index.php\/wp-json\/wp\/v2\/product\/1729","targetHints":{"allow":["GET"]}}],"collection":[{"href":"https:\/\/3d-printere.dk\/index.php\/wp-json\/wp\/v2\/product"}],"about":[{"href":"https:\/\/3d-printere.dk\/index.php\/wp-json\/wp\/v2\/types\/product"}],"replies":[{"embeddable":true,"href":"https:\/\/3d-printere.dk\/index.php\/wp-json\/wp\/v2\/comments?post=1729"}],"wp:featuredmedia":[{"embeddable":true,"href":"https:\/\/3d-printere.dk\/index.php\/wp-json\/wp\/v2\/media\/1185"}],"wp:attachment":[{"href":"https:\/\/3d-printere.dk\/index.php\/wp-json\/wp\/v2\/media?parent=1729"}],"wp:term":[{"taxonomy":"product_brand","embeddable":true,"href":"https:\/\/3d-printere.dk\/index.php\/wp-json\/wp\/v2\/product_brand?post=1729"},{"taxonomy":"product_cat","embeddable":true,"href":"https:\/\/3d-printere.dk\/index.php\/wp-json\/wp\/v2\/product_cat?post=1729"},{"taxonomy":"product_tag","embeddable":true,"href":"https:\/\/3d-printere.dk\/index.php\/wp-json\/wp\/v2\/product_tag?post=1729"}],"curies":[{"name":"wp","href":"https:\/\/api.w.org\/{rel}","templated":true}]}}