{"id":1724,"date":"2025-12-05T15:56:55","date_gmt":"2025-12-05T14:56:55","guid":{"rendered":"https:\/\/3d-printere.dk\/index.php\/vare\/vet-kat-adipositas-og-diabetes-vaadfoder-vaegtkontrol-3\/"},"modified":"2025-12-05T15:57:15","modified_gmt":"2025-12-05T14:57:15","slug":"vet-kat-adipositas-og-diabetes-vaadfoder-vaegtkontrol-3","status":"publish","type":"product","link":"https:\/\/3d-printere.dk\/index.php\/vare\/vet-kat-adipositas-og-diabetes-vaadfoder-vaegtkontrol-3\/","title":{"rendered":"VET KAT Adipositas og Diabetes v\u00e5dfoder &#8211; V\u00e6gtkontrol"},"content":{"rendered":"<p>Di\u00e6tetisk fuldfoder til voksne katte med henblik p\u00e5 v\u00e6gtreduktion Samt udredning og forebyggelse af Adipositas og Diabetes.<\/p>\n<p><strong>Indikation<\/strong><br \/>\nOverv\u00e6gt, Adipositas<\/p>\n<p><strong>M\u00e5l<\/strong><br \/>\nReduktion af overv\u00e6gt<br \/>\nForbedre og vedligeholde den fysiske tilstand<\/p>\n<p>&nbsp;<\/p>\n<p><strong>Ingredienser<\/strong><br \/>\nKyllingek\u00f8d og animalske biprodukter fra kylling svinek\u00f8d, gr\u00e6skar, guler\u00f8dder, cellulose, mineraler, lakseolie, glucosamin, cikorierod (kilde til FOS), chondroitinsulfat, urteblanding..<\/p>\n<p><strong>Analytiske bestanddele<br \/>\n<\/strong>R\u00e5protein 9,2%, r\u00e5fedt 2,6%, r\u00e5fibre 2,8%, r\u00e5aske 1,7%, vandindhold 82%, calcium 0,26%, fosfor 0,18%, natrium 0,1%, kalium 0,21%, magnesium 0,02%, omega-6 fedtsyrer 0,45%, omega-3 fedtsyrer 0,1 %<\/p>\n<p>&nbsp;<\/p>\n<p><strong>Tils\u00e6tningsstoffer<\/strong><\/p>\n<p><strong>Vitaminer \/ kg:<br \/>\n<\/strong>Vitamin D3 (3a671) 150 IE, vitamin E (alle rac-alpha-tocopherylacetat 3a700) 25 mg, vitamin B1 (thiaminmononitrat 3a821) 10 mg, vitamin B2 (riboflavin 3a825i) 4 mg, vitamin B6 hydrochlorid 3a831) 2,5 mg, biotin (3a880) 600 mcg, calcium D-pantothenat (3a841) 5,3 mg, niacinamid (3a315) 25 mg, vitamin B12 38,5 mcg, cholinchlorid (3a8030) mg (3a0890) mg (3a6050) klorid L-carnitin (3a910) 300 mg<\/p>\n<p><strong>Sporstoffer\/kg:<\/strong><br \/>\nKobber (kobber(II)sulfatpentahydrat 3b405) 1 mg, zink (zinksulfat, monohydrat 3b605) 18 mg, mangan (mangan(II)sulfat, monohydrat 3b503) 2 mg, jod (calciumiodat, vandfrit 3b220) ) 0,5 mg<\/p>\n<p>&nbsp;<\/p>\n<p><strong>Kan ikke anbefales til<\/strong><br \/>\nKillinger og unge katte op til 10. levem\u00e5ned<br \/>\nGraviditet, diegivende<br \/>\nKroniske sygdomme med \u00f8get energibehov<\/p>\n<p>&nbsp;<\/p>\n<p><img loading=\"lazy\" decoding=\"async\" class=\"alignnone size-medium wp-image-6184\" src=\"https:\/\/haps.centrumdyrehandel.dk\/wp-content\/uploads\/2024\/04\/VET-KAT-adipositas-vaadfoder-foderplan-030424-300x183.jpg\" alt=\"\" width=\"300\" height=\"183\" \/><\/p>\n<p><strong>Anbefalet varighed<\/strong><br \/>\nIndtil \u00f8nsket v\u00e6gt er opn\u00e5et &#8211; og derefter ved behov for at opretholde den ideelle v\u00e6gt. Der anbefales en overgangsperiode til katte, n\u00e5r de starter p\u00e5 di\u00e6ten.<\/p>\n<p><strong>R\u00e5dgivning om fodring<\/strong><br \/>\nDen optimale v\u00e6gtreduktion p\u00e5 0,5 &#8211; 2% af den aktuelle kropsv\u00e6gt pr. uge b\u00f8r kontrolleres regelm\u00e6ssigt. For at undg\u00e5 ford\u00f8jelsesproblemer anbefales en langsom overgang til foderet over flere dage. Da katte er udsat for risikoen for feline hepatic lipidosis (fedtlever), b\u00f8r hurtig v\u00e6gttab og faste undg\u00e5s. \u00d8get aff\u00f8ring er for\u00e5rsaget af det h\u00f8jere fiberindhold.<\/p>\n<p><strong>Anbefalet foderm\u00e6ngde pr. dag<\/strong><br \/>\nM\u00e6ngden af \u200b\u200bfoder skal tilpasses kattens individuelle stofskifte og skal muligvis justeres i moderate m\u00e6ngder. Katten skal altid have frisk vand til r\u00e5dighed. Bem\u00e6rk ved blandet fodring: 100 g v\u00e5dfoder \u2248 19 g t\u00f8rfoder<\/p>\n","protected":false},"excerpt":{"rendered":"<p>&nbsp;<\/p>\n<p><!--more--><\/p>\n<p><span style=\"color: #339966;\">M\u00c5 KUN ANVENDES EFTER AFTALE MED EN DYRL\u00c6GE<\/span><br \/>\n<span style=\"color: #339966;\">Happy Cat VET er kun tilg\u00e6ngelig hos godkendte forhandlere<\/span><\/p>\n<p>Findes i 200 gr<\/p>\n<ul>\n<li>Reduceret energi- og kulhydratindhold<\/li>\n<li>\u00d8get indhold af m\u00e6ttende kostfibre<\/li>\n<li>Rig p\u00e5 protein, af h\u00f8j kvalitet, til at vedligeholde musklerne under v\u00e6gttab<\/li>\n<li>Med metaboliserende L-Carnitin<\/li>\n<li>Med kollagenhydrolysat, newzealandske muslinger og glucosamin &#8211; til at st\u00f8tte leddene<\/li>\n<\/ul>\n","protected":false},"featured_media":1176,"comment_status":"closed","ping_status":"closed","template":"","meta":[],"product_brand":[],"product_cat":[1869,2115,2114,2110],"product_tag":[],"class_list":{"0":"post-1724","1":"product","2":"type-product","3":"status-publish","4":"has-post-thumbnail","6":"product_cat-vet-kat-2","7":"product_cat-vet-kat-diabetes-2","8":"product_cat-vet-kat-overvaegt-2","9":"product_cat-vet-kat-vaadkost-2","11":"first","12":"instock","13":"featured","14":"product-type-simple"},"supplier_id":null,"supplier_sku":"","barcode":null,"atum_controlled":true,"out_stock_date":null,"out_stock_threshold":null,"inheritable":false,"inbound_stock":null,"stock_on_hold":0,"sold_today":0,"sales_last_days":0,"reserved_stock":null,"customer_returns":null,"warehouse_damage":null,"lost_in_post":null,"other_logs":null,"out_stock_days":0,"lost_sales":0,"has_location":null,"update_date":"2026-01-26T00:06:57","atum_locations":[],"atum_stock_status":"instock","restock_status":false,"low_stock_amount":"","sales_update_date":"2026-01-26T00:06:57","calc_backorders":null,"_links":{"self":[{"href":"https:\/\/3d-printere.dk\/index.php\/wp-json\/wp\/v2\/product\/1724","targetHints":{"allow":["GET"]}}],"collection":[{"href":"https:\/\/3d-printere.dk\/index.php\/wp-json\/wp\/v2\/product"}],"about":[{"href":"https:\/\/3d-printere.dk\/index.php\/wp-json\/wp\/v2\/types\/product"}],"replies":[{"embeddable":true,"href":"https:\/\/3d-printere.dk\/index.php\/wp-json\/wp\/v2\/comments?post=1724"}],"wp:featuredmedia":[{"embeddable":true,"href":"https:\/\/3d-printere.dk\/index.php\/wp-json\/wp\/v2\/media\/1176"}],"wp:attachment":[{"href":"https:\/\/3d-printere.dk\/index.php\/wp-json\/wp\/v2\/media?parent=1724"}],"wp:term":[{"taxonomy":"product_brand","embeddable":true,"href":"https:\/\/3d-printere.dk\/index.php\/wp-json\/wp\/v2\/product_brand?post=1724"},{"taxonomy":"product_cat","embeddable":true,"href":"https:\/\/3d-printere.dk\/index.php\/wp-json\/wp\/v2\/product_cat?post=1724"},{"taxonomy":"product_tag","embeddable":true,"href":"https:\/\/3d-printere.dk\/index.php\/wp-json\/wp\/v2\/product_tag?post=1724"}],"curies":[{"name":"wp","href":"https:\/\/api.w.org\/{rel}","templated":true}]}}