{"id":1716,"date":"2025-12-05T15:56:55","date_gmt":"2025-12-05T14:56:55","guid":{"rendered":"https:\/\/3d-printere.dk\/index.php\/vare\/vet-faser-mix-stabilisering-af-fordoejelse-4\/"},"modified":"2025-12-05T15:57:06","modified_gmt":"2025-12-05T14:57:06","slug":"vet-faser-mix-stabilisering-af-fordoejelse-4","status":"publish","type":"product","link":"https:\/\/3d-printere.dk\/index.php\/vare\/vet-faser-mix-stabilisering-af-fordoejelse-4\/","title":{"rendered":"VET Faser Mix &#8211; Stabilisering af ford\u00f8jelse"},"content":{"rendered":"<p>Di\u00e6tetisk tilskudsfoder til hunde og katte.<\/p>\n<p><strong>Indikation<\/strong><\/p>\n<ul>\n<li>Akutte og kroniske tarminfektioner<\/li>\n<li>Dysbiose<\/li>\n<li>Forstoppelse i tarmen<\/li>\n<li>Akutte og kroniske tilf\u00e6lde af diarr\u00e9<\/li>\n<li>Moderat forstoppelse<\/li>\n<\/ul>\n<p><strong>M\u00e5l<\/strong><br \/>\nKompensation ved utilstr\u00e6kkelig ford\u00f8jelse<br \/>\nAflastning af ford\u00f8jelsessystemet<br \/>\nRegeneration af tarmfloraen<\/p>\n<p>&nbsp;<\/p>\n<p><strong>Ingredienser<\/strong><br \/>\nCellulose, psyllium, pektin (10,0%), solsikkeolie, cikorierod*, g\u00e6r* (ekstraheret 1,0%; svarende til MOS 0,2%);* t\u00f8rret<\/p>\n<p><strong>Analytiske bestanddele<br \/>\n<\/strong>R\u00e5protein 2,5%, r\u00e5fedt 3,9%, r\u00e5fibre 44,5%, r\u00e5aske 0,9%, natrium 0,1%<\/p>\n<p>&nbsp;<\/p>\n<p><strong>Kan ikke anbefales til<\/strong><br \/>\nHvalpe og unge hunde op til 6. levem\u00e5ned<br \/>\nGraviditet, diegivende<\/p>\n<p>&nbsp;<\/p>\n<p><img loading=\"lazy\" decoding=\"async\" class=\"alignnone size-medium wp-image-6150\" src=\"https:\/\/haps.centrumdyrehandel.dk\/wp-content\/uploads\/2024\/04\/VET-HUND-faser-mix-foderplan-040324-300x166.jpg\" alt=\"\" width=\"300\" height=\"166\" \/><\/p>\n<p><strong>Anvendelse og fodringsvarighed<\/strong><\/p>\n<p>LANGSOM OVERGANG:<br \/>\nOvergangen til den angivne daglige ration b\u00f8r foreg\u00e5 langsomt! En pludselig overgang kan have u\u00f8nsket indflydelse p\u00e5 dyrenes aff\u00f8ring. Start med sm\u00e5, daglige stigende m\u00e6ngder, indtil den anbefalede daglige ration er n\u00e5et. Dette muligg\u00f8r en optimal, gradvis tilpasning af tarmflora og tarmmotilitet til det \u00f8gede fiberindhold. Overgangsfasen b\u00f8r str\u00e6kke sig over en uge. Den anbefalede daglige m\u00e6ngde b\u00f8r fordeles j\u00e6vnt over m\u00e5ltiderne. Ved brug af t\u00f8rfoder anbefales det at bl\u00f8dg\u00f8re foderet forud med lunkent vand.<\/p>\n<p>FORUDG\u00c5ENDE BL\u00d8DL\u00c6GNING AF PULVERET:<br \/>\nDet er vigtigt at bl\u00f8dg\u00f8re fibrene med lunkent vand, f\u00f8r de gives, og derefter f\u00f8rst blande dem i t\u00f8r- eller v\u00e5dfoder.<\/p>\n<p>PR\u00c6CIS AFVEJNING:<br \/>\nAdministrationen af VET FASER MIX i pulverform muligg\u00f8r en optimal dosering &#8211; selv ved sm\u00e5 m\u00e6ngder. Foderm\u00e6ngderne b\u00f8r n\u00f8je afvejes med en v\u00e6gt.<\/p>\n","protected":false},"excerpt":{"rendered":"<p>&nbsp;<\/p>\n<p><!--more--><\/p>\n<p><span style=\"color: #339966;\">M\u00c5 KUN ANVENDES EFTER AFTALE MED EN DYRL\u00c6GE<\/span><br \/>\n<span style=\"color: #339966;\">Happy Dog \/ Happy Cat VET er kun tilg\u00e6ngelig hos godkendte forhandlere<\/span><\/p>\n<p>Findes i 150 gr<\/p>\n<ul>\n<li>Stabilisering af aff\u00f8ringen og styrkelse af tarmfloraen gennem kostfibre<\/li>\n<li>Pektin fungerer som prebiotikum og underst\u00f8tter den naturlige tarmflora samt regenereringen af tarmens slimhinde<\/li>\n<li>Den uopl\u00f8selige fiber cellulose binder overskydende vand i tarmen og regulerer tarmmotiliteten<\/li>\n<li>Psylliumfr\u00f8skaller binder vand og beskytter tarmens slimhinde<\/li>\n<li>Mannanoligosaccharider* (MOS) underst\u00f8tter v\u00e6ksten af sunde tarmbakterier<\/li>\n<\/ul>\n<p>* Mannanoligosaccharider (MOS) er komplekse kulhydrater, prim\u00e6rt best\u00e5ende af mannose, der findes naturligt i visse planter og g\u00e6r; de anvendes ofte som kosttilskud i dyrefoder for at fremme sund tarmfunktion og immunforsvar ved at virke pr\u00e6biotisk og binde patogene bakterier i tarmen.<\/p>\n","protected":false},"featured_media":0,"comment_status":"closed","ping_status":"closed","template":"","meta":[],"product_brand":[],"product_cat":[1855,1825,2102,2099,1869,2111,2112,2113],"product_tag":[],"class_list":{"0":"post-1716","1":"product","2":"type-product","3":"status-publish","5":"product_cat-kosttilskud-kat","6":"product_cat-vet-hund","7":"product_cat-vet-hund-fordoejelsesbesvaer-2","8":"product_cat-vet-hund-toerkost-2","9":"product_cat-vet-kat-2","10":"product_cat-vet-kat-fordoejelsesbesvaer-2","11":"product_cat-vet-kat-kosttilskud-2","12":"product_cat-vet-kat-toerkost-2","13":"pa_stoerrelse-150-gr","15":"first","16":"instock","17":"featured","18":"purchasable","19":"product-type-simple"},"supplier_id":null,"supplier_sku":"","barcode":null,"atum_controlled":true,"out_stock_date":null,"out_stock_threshold":null,"inheritable":false,"inbound_stock":null,"stock_on_hold":0,"sold_today":0,"sales_last_days":0,"reserved_stock":null,"customer_returns":null,"warehouse_damage":null,"lost_in_post":null,"other_logs":null,"out_stock_days":0,"lost_sales":0,"has_location":null,"update_date":"2026-01-26T00:06:57","atum_locations":[],"atum_stock_status":"instock","restock_status":false,"low_stock_amount":"","sales_update_date":"2026-01-26T00:06:57","calc_backorders":null,"_links":{"self":[{"href":"https:\/\/3d-printere.dk\/index.php\/wp-json\/wp\/v2\/product\/1716","targetHints":{"allow":["GET"]}}],"collection":[{"href":"https:\/\/3d-printere.dk\/index.php\/wp-json\/wp\/v2\/product"}],"about":[{"href":"https:\/\/3d-printere.dk\/index.php\/wp-json\/wp\/v2\/types\/product"}],"replies":[{"embeddable":true,"href":"https:\/\/3d-printere.dk\/index.php\/wp-json\/wp\/v2\/comments?post=1716"}],"wp:attachment":[{"href":"https:\/\/3d-printere.dk\/index.php\/wp-json\/wp\/v2\/media?parent=1716"}],"wp:term":[{"taxonomy":"product_brand","embeddable":true,"href":"https:\/\/3d-printere.dk\/index.php\/wp-json\/wp\/v2\/product_brand?post=1716"},{"taxonomy":"product_cat","embeddable":true,"href":"https:\/\/3d-printere.dk\/index.php\/wp-json\/wp\/v2\/product_cat?post=1716"},{"taxonomy":"product_tag","embeddable":true,"href":"https:\/\/3d-printere.dk\/index.php\/wp-json\/wp\/v2\/product_tag?post=1716"}],"curies":[{"name":"wp","href":"https:\/\/api.w.org\/{rel}","templated":true}]}}