{"id":1694,"date":"2025-12-05T15:56:27","date_gmt":"2025-12-05T14:56:27","guid":{"rendered":"https:\/\/3d-printere.dk\/index.php\/vare\/vet-hund-struvit-toerfoder-struvitsten-urinvejssten-5\/"},"modified":"2025-12-05T15:56:38","modified_gmt":"2025-12-05T14:56:38","slug":"vet-hund-struvit-toerfoder-struvitsten-urinvejssten-5","status":"publish","type":"product","link":"https:\/\/3d-printere.dk\/index.php\/vare\/vet-hund-struvit-toerfoder-struvitsten-urinvejssten-5\/","title":{"rendered":"VET HUND Struvit t\u00f8rfoder &#8211; Struvitsten, urinvejssten"},"content":{"rendered":"<p>Di\u00e6tetisk fuldfoder til voksne hunde til at opl\u00f8se struvitsten og forebyggelse af struvitsten<\/p>\n<p><strong>Indikation<\/strong><\/p>\n<ul>\n<li>Opl\u00f8sning af struvit-urinvejssten<\/li>\n<li>Forebyggelse af struvit-urinvejssten<\/li>\n<\/ul>\n<p><strong>M\u00e5l<\/strong><br \/>\nOpl\u00f8sning og forebyggelse af struvitsten<br \/>\nUrin-pH-m\u00e5l for opl\u00f8sning af struvitsten og reducering af tilbagefald: 6,0 &#8211; 6,5<br \/>\nUrin-pH-m\u00e5l for forebyggelse: 6,6 &#8211; 6,8<\/p>\n<p><strong>Plantebaserede ingredienser<\/strong><br \/>\nDe medf\u00f8lgende ingredienser, m\u00e6lkeb\u00f8tte og br\u00e6nden\u00e6lde, anvendes traditionelt som et supplement til den konventionelle behandling af urinvejene.<\/p>\n<p>&nbsp;<\/p>\n<p><strong>Ingredienser<\/strong><br \/>\nRis, fjerkr\u00e6protein**, kartoffelflager, byg, fjerkr\u00e6fedt, guler\u00f8dder*, leverhydrolysat, solsikkeolie, majs, t\u00f8rrede hele \u00e6g, kaliumchlorid, g\u00e6r*, natriumchlorid, rapsolie, tang*, h\u00f8rfr\u00f8, cikorierod* , marietidsel, g\u00e6r* (ekstraheret), muslingek\u00f8d* , (0,02%), artiskok, m\u00e6lkeb\u00f8tte (0,016%), ingef\u00e6r, birkeblade, br\u00e6nden\u00e6lde (0,016%), kamille, koriander, rosmarin, salvie, lakridsrod, timian (t\u00f8rrede urter i alt: 0,16%); *) t\u00f8rret, **) t\u00f8rret, delvist hydrolyseret<\/p>\n<p><strong>Analytiske bestanddele<\/strong><br \/>\nR\u00e5protein 20%, r\u00e5fedt 9,5%, r\u00e5fibre 2,0%, r\u00e5aske 5,5%, calcium 0,55%, natrium 0,4%, kalium 0,6%, magnesium 0,07%, fosfor 0,45%, klorid 0,7%, svovl 0,55%, omega-6 fedtsyrer 2,5%, omega-3 fedtsyrer 0,3%<\/p>\n<p>&nbsp;<\/p>\n<p><strong>Tils\u00e6tningsstoffer<\/strong><\/p>\n<p><strong>Vitaminer \/ kg:<br \/>\n<\/strong>Vitamin A (3a672a) 17000 IE, Vitamin D3 (3a671) 1000 IE, Vitamin E (alle rac-alfa-tocopherylacetat 3a700) 125 mg, Vitamin B1 (thiaminmononitrat 3a821) 4 mg, Vitamin B2 (riboflavin 3a825ii) 4 mg, Vitamin B6 (pyridoxinhydrochlorid 3a831) 4 mg, Biotin (3a880) 500 mcg, Calcium D-pantothenat (3a841) 10 mg, Niacin (3a314) 50 mg, Vitamin B12 75 mcg, Cholinchlorid (3a890) 55 mg, L-carnitin (3A910) 200 mg<\/p>\n<p><strong>Sporstoffer\/kg:<\/strong><br \/>\nJern (jernsulfat, monohydrat 3b103) 50 mg, kobber (kobbersulfatpentahydrat 3b405) 10 mg, zink (zinkoxid 3b603 75 mg, aminosyre zinkchelat, hydrat 30 mg) 105 mg, mangan (manganoxid 3b502) 25 mg, jod (calciumiodat, vandfrit 3b202) 2 mg, selen (natriumselenit 3b801) 0,1 mg<\/p>\n<p>Antioxidanter, tocopherolekstrakter af vegetabilske olier 1b306(i)<\/p>\n<div class=\"js--modal sizing--content\">\n<div class=\"btn icon--cross is--small btn--grey modal--close\"><\/div>\n<\/div>\n<p><strong>Kan ikke anbefales til<\/strong><br \/>\nHvalpe og unghunde op til 12. levem\u00e5ned<br \/>\nGraviditet, diegivende<br \/>\nKronisk nyreinsufficiens (nyresvigt), metabolisk acidose (PH niveau i kropsv\u00e6ksen er for sur), hjerteinsufficiens (sv\u00e6kket hjertepumpefunktion)<br \/>\nPancreatitis (bet\u00e6ndelse i bugspytkirtlen)<br \/>\nSamtidig brug af urinsurhedsregulerende medicin<\/p>\n<p>&nbsp;<\/p>\n<p><img loading=\"lazy\" decoding=\"async\" class=\"alignnone size-medium wp-image-6197\" src=\"https:\/\/haps.centrumdyrehandel.dk\/wp-content\/uploads\/2024\/03\/VET-HUND-Struvit-toerfoder-foderplan-030424-294x300.jpg\" alt=\"\" width=\"294\" height=\"300\" \/><\/p>\n<p>&nbsp;<\/p>\n<p><strong>Anbefalet varighed<\/strong><br \/>\nFor at opl\u00f8se struvitsten, 5 til 12 uger. For at reducere risikoen for tilbagevendende struvitsten, indledningsvis op til 6 m\u00e5neder.<\/p>\n<p><strong>R\u00e5dgivning om fodring<\/strong><br \/>\nEn gradvis overgang til et passende efterf\u00f8lgende foder b\u00f8r ideelt set foretages i intervaller af 10%, spredt over en periode p\u00e5 mindst 2-4 uger. For at forebygge dannelse af struvitsten b\u00f8r den anbefalede foderm\u00e6ngde (dagligt behov) reduceres med cirka 20-25% og erstattes med almindeligt Happy Dog t\u00f8rfoder. Det er vigtigt at regelm\u00e6ssigt kontrollere urinens pH-v\u00e6rdi.<\/p>\n<p><strong>Anbefalet foderm\u00e6ngde pr. dag<\/strong><br \/>\nM\u00e6ngden af \u200b\u200bfoder skal tilpasses hundens individuelle stofskifte og skal muligvis justeres i moderate m\u00e6ngder. Hunden skal altid have frisk vand til r\u00e5dighed. Bem\u00e6rk ved blandet fodring: 100 g v\u00e5dfoder \u2248 30 g t\u00f8rfoder<\/p>\n","protected":false},"excerpt":{"rendered":"<p>&nbsp;<\/p>\n<p><!--more--><\/p>\n<p><span style=\"color: #339966;\">M\u00c5 KUN ANVENDES EFTER AFTALE MED EN DYRL\u00c6GE<\/span><br \/>\n<span style=\"color: #339966;\">Happy Dog VET er kun tilg\u00e6ngelig hos godkendte forhandlere<\/span><\/p>\n<p>Findes i 1 kg og 4 kg<\/p>\n<ul>\n<li>M\u00e5lrettet reduktion af phosphor- og magnesiumindhold<\/li>\n<li>Markant s\u00e6nkning af urinens pH-v\u00e6rdi<\/li>\n<li>For\u00f8gelse af urinm\u00e6ngden og skylning af urinvejene ved at fremme v\u00e6ske indtaget<\/li>\n<li>Moderat indhold af h\u00f8jkvalitetsprotein<\/li>\n<li>Med surhedsregulerende egenskaber, f.eks. methionin<\/li>\n<\/ul>\n","protected":false},"featured_media":0,"comment_status":"closed","ping_status":"closed","template":"","meta":[],"product_brand":[],"product_cat":[1825,2099,2106],"product_tag":[],"class_list":{"0":"post-1694","1":"product","2":"type-product","3":"status-publish","5":"product_cat-vet-hund","6":"product_cat-vet-hund-toerkost-2","7":"product_cat-vet-hund-urinvejssten-2","9":"first","10":"instock","11":"featured","12":"purchasable","13":"product-type-simple"},"supplier_id":null,"supplier_sku":"","barcode":null,"atum_controlled":true,"out_stock_date":null,"out_stock_threshold":null,"inheritable":false,"inbound_stock":null,"stock_on_hold":0,"sold_today":0,"sales_last_days":0,"reserved_stock":null,"customer_returns":null,"warehouse_damage":null,"lost_in_post":null,"other_logs":null,"out_stock_days":0,"lost_sales":0,"has_location":null,"update_date":"2026-01-26T00:06:57","atum_locations":[],"atum_stock_status":"instock","restock_status":false,"low_stock_amount":"","sales_update_date":"2026-01-26T00:06:57","calc_backorders":null,"_links":{"self":[{"href":"https:\/\/3d-printere.dk\/index.php\/wp-json\/wp\/v2\/product\/1694","targetHints":{"allow":["GET"]}}],"collection":[{"href":"https:\/\/3d-printere.dk\/index.php\/wp-json\/wp\/v2\/product"}],"about":[{"href":"https:\/\/3d-printere.dk\/index.php\/wp-json\/wp\/v2\/types\/product"}],"replies":[{"embeddable":true,"href":"https:\/\/3d-printere.dk\/index.php\/wp-json\/wp\/v2\/comments?post=1694"}],"wp:attachment":[{"href":"https:\/\/3d-printere.dk\/index.php\/wp-json\/wp\/v2\/media?parent=1694"}],"wp:term":[{"taxonomy":"product_brand","embeddable":true,"href":"https:\/\/3d-printere.dk\/index.php\/wp-json\/wp\/v2\/product_brand?post=1694"},{"taxonomy":"product_cat","embeddable":true,"href":"https:\/\/3d-printere.dk\/index.php\/wp-json\/wp\/v2\/product_cat?post=1694"},{"taxonomy":"product_tag","embeddable":true,"href":"https:\/\/3d-printere.dk\/index.php\/wp-json\/wp\/v2\/product_tag?post=1694"}],"curies":[{"name":"wp","href":"https:\/\/api.w.org\/{rel}","templated":true}]}}