{"id":1666,"date":"2025-12-05T15:55:57","date_gmt":"2025-12-05T14:55:57","guid":{"rendered":"https:\/\/3d-printere.dk\/index.php\/vare\/funktionel-snack-healthy-weight-3\/"},"modified":"2025-12-05T15:55:58","modified_gmt":"2025-12-05T14:55:58","slug":"funktionel-snack-healthy-weight-3","status":"publish","type":"product","link":"https:\/\/3d-printere.dk\/index.php\/vare\/funktionel-snack-healthy-weight-3\/","title":{"rendered":"Funktionel Snack Healthy Weight"},"content":{"rendered":"<p>Selv hunde, der har tendens til overv\u00e6gt, beh\u00f8ver ikke n\u00f8dvendigvis at undlade at nyde snacks. Happy Dog Care Snack Healthy Weight er specielt udviklet til effektivt at st\u00f8tte hundens v\u00e6gt. Den fedtfattige opskrift med ekstra L-carnitin kan nemt integreres i hundens di\u00e6t og er samtidig meget velsmagende.<\/p>\n<p>Fremstillet i Tyskland under den strengeste kvalitetskontrol.<\/p>\n<p>&nbsp;<\/p>\n<p><strong>Ingredienser:<\/strong><strong><br \/>\n<\/strong>Vegetabilske biprodukter*, animalsk protein* (fra fjerkr\u00e6), majs, kartoffel*, fiskemel, kartoffelprotein*, hydrolyseret protein*, guler\u00f8dder* (2%), kaliumchlorid, g\u00e6r*, t\u00f8rret hele \u00e6g, natriumchlorid, tang*, muslingepulver, glucosamin (0,14%), chondroitinsulfat, h\u00f8rfr\u00f8, g\u00e6r* (ekstraheret); *) t\u00f8rret.<\/p>\n<p><strong>Analytiske bestanddele<\/strong><strong><br \/>\n<\/strong>R\u00e5protein 22,0 %, r\u00e5fedt 3,5 %, r\u00e5fiber 9,5 %, r\u00e5aske 7,5 %.<\/p>\n<p>&nbsp;<\/p>\n<p><strong>Vitaminer \/kg:<\/strong><br \/>\nVitamin D3 (3a671) 725 I.E., L-Carnitin (3a910) 400 mg.<\/p>\n<p><strong>Sporstoffer\/kg:<\/strong><br \/>\nJern (3b103) 40 mg, kobber (3b405) 8 mg, zink (3b603, 3b606) 80 mg, mangan (3b502) 20 mg,<br \/>\njod (3b202) 1,5 mg, selen (3b801) 0,08 mg. Antioxidationsmiddel, tocoferol-ekstrakter fra vegetabilske olier 1b306(i).<\/p>\n<p><strong>Fodring:<\/strong><br \/>\nTilbyd nogle snacks som bel\u00f8nning flere gange om dagen. Det er vigtigt at v\u00e6re opm\u00e6rksom p\u00e5<br \/>\nat reducere m\u00e6ngden af hovedfoderet i overensstemmelse hermed. Stil altid frisk drikkevand til r\u00e5dighed.<\/p>\n","protected":false},"excerpt":{"rendered":"<p>&nbsp;<\/p>\n<p><!--more--><\/p>\n<p>Findes i 100 gr<\/p>\n<ul>\n<li>Runde velsmagende snacks<\/li>\n<li>L-Carnitin<\/li>\n<li>M\u00e6ttende fibre<\/li>\n<li>Glutenfri<\/li>\n<li>Praktisk genluk-funktion<\/li>\n<li>22\/3,5\u00a0 protein\/fedt<\/li>\n<li>Anbefalet af dyrl\u00e6ger og opdr\u00e6ttere<\/li>\n<\/ul>\n","protected":false},"featured_media":1047,"comment_status":"closed","ping_status":"closed","template":"","meta":[],"product_brand":[],"product_cat":[1787,1543,2097,2062,2061,2094,2090,2091,2089,1288,2088,2095],"product_tag":[],"class_list":{"0":"post-1666","1":"product","2":"type-product","3":"status-publish","4":"has-post-thumbnail","6":"product_cat-care-snacks","7":"product_cat-glutenfri-hund-2","8":"product_cat-kosttilskud-hund-2","9":"product_cat-maxi-hund-2","10":"product_cat-medium-hund-2","11":"product_cat-mini-hunde-2","12":"product_cat-neutraliseret-hund-2","13":"product_cat-overvaegt-hund-2","14":"product_cat-sensible-hund-2","15":"product_cat-snacks-og-kiks-hund","16":"product_cat-voksen-hund-2","17":"product_cat-voksen-mini-hunde-2","19":"first","20":"instock","21":"featured","22":"product-type-simple"},"supplier_id":null,"supplier_sku":"","barcode":null,"atum_controlled":true,"out_stock_date":null,"out_stock_threshold":null,"inheritable":false,"inbound_stock":null,"stock_on_hold":0,"sold_today":0,"sales_last_days":0,"reserved_stock":null,"customer_returns":null,"warehouse_damage":null,"lost_in_post":null,"other_logs":null,"out_stock_days":0,"lost_sales":0,"has_location":null,"update_date":"2026-01-26T00:06:57","atum_locations":[],"atum_stock_status":"instock","restock_status":false,"low_stock_amount":"","sales_update_date":"2026-01-26T00:06:57","calc_backorders":null,"_links":{"self":[{"href":"https:\/\/3d-printere.dk\/index.php\/wp-json\/wp\/v2\/product\/1666","targetHints":{"allow":["GET"]}}],"collection":[{"href":"https:\/\/3d-printere.dk\/index.php\/wp-json\/wp\/v2\/product"}],"about":[{"href":"https:\/\/3d-printere.dk\/index.php\/wp-json\/wp\/v2\/types\/product"}],"replies":[{"embeddable":true,"href":"https:\/\/3d-printere.dk\/index.php\/wp-json\/wp\/v2\/comments?post=1666"}],"wp:featuredmedia":[{"embeddable":true,"href":"https:\/\/3d-printere.dk\/index.php\/wp-json\/wp\/v2\/media\/1047"}],"wp:attachment":[{"href":"https:\/\/3d-printere.dk\/index.php\/wp-json\/wp\/v2\/media?parent=1666"}],"wp:term":[{"taxonomy":"product_brand","embeddable":true,"href":"https:\/\/3d-printere.dk\/index.php\/wp-json\/wp\/v2\/product_brand?post=1666"},{"taxonomy":"product_cat","embeddable":true,"href":"https:\/\/3d-printere.dk\/index.php\/wp-json\/wp\/v2\/product_cat?post=1666"},{"taxonomy":"product_tag","embeddable":true,"href":"https:\/\/3d-printere.dk\/index.php\/wp-json\/wp\/v2\/product_tag?post=1666"}],"curies":[{"name":"wp","href":"https:\/\/api.w.org\/{rel}","templated":true}]}}