{"id":1532,"date":"2025-12-05T15:53:07","date_gmt":"2025-12-05T14:53:07","guid":{"rendered":"https:\/\/3d-printere.dk\/index.php\/vare\/sensible-mini-puppy-lam-og-ris-3\/"},"modified":"2025-12-05T15:53:15","modified_gmt":"2025-12-05T14:53:15","slug":"sensible-mini-puppy-lam-og-ris-3","status":"publish","type":"product","link":"https:\/\/3d-printere.dk\/index.php\/vare\/sensible-mini-puppy-lam-og-ris-3\/","title":{"rendered":"Sensible MINI Puppy lam og ris"},"content":{"rendered":"<p>Komplet foder til hvalpe og unge hunde af sm\u00e5 racer (op til 10 kg voksenv\u00e6gt), i alderen 1-12 m\u00e5neder. Indeholder letforf\u00f8jelig lam og ris.<\/p>\n<p>Fremstillet i Tyskland under den strengeste kvalitetskontrol!<\/p>\n<p><strong>Ingredienser:<\/strong><br \/>\nLammeprotein* (19,5%), ris (19%), majsmel, fedtegrever, olier og fedtstoffer, majs, risprotein* (5%), hydrolyseret protein, roetr\u00e6vler* (afsukret), cellulose, \u00e6blekvas*, kaliumchlorid, g\u00e6r*, natriumchlorid, tang*, h\u00f8rfr\u00f8, psylliumskaller, yucca schidigera*, muslingek\u00f8d* (0,04%), marietidsel, g\u00e6r* (ekstraheret), artiskok, m\u00e6lkeb\u00f8tte, ingef\u00e6r, birkeblade, br\u00e6nden\u00e6lde, kamille , koriander, rosmarin, salvie, lakridsrod, timian (t\u00f8rrede urter i alt: 0,15%)<\/p>\n<p><strong>Analytiske bestanddele:<br \/>\n<\/strong>R\u00e5protein 30,0%, r\u00e5fedt 16,0%, r\u00e5fibre 2,5%, r\u00e5aske 8,5%, calcium 1,45%, fosfor 1,05%, natrium 0,5%, omega-6 fedtsyrer 2,0%, omega-3 fedtsyrer 0,2%<\/p>\n<p>&nbsp;<\/p>\n<p><strong>Tils\u00e6tningsstoffer:<\/strong><\/p>\n<p><strong>Vitaminer\/kg:<\/strong><br \/>\nVitamin A (3a672a) 17000 IE, vitamin D3 (3a671) 900 IE, vitamin E (som 3a700) 120 mg, vitamin C (som 3a312) 30 mg.<\/p>\n<p><strong>Sporstoffer\/kg: <\/strong><br \/>\nJern (som 3b103) 65 mg, kobber (som 3b405) 14 mg, zink (som 3b603, 3b606) 125 mg, mangan (som 3b502) 30 mg, jod (calciumiodat, vandfrit 2,50 mg2) Selen (Sodium Selenite 3b801) 0,2 mg.<\/p>\n<p><strong>Aminosyrer\/kg: <\/strong><br \/>\nL-tryptophan (3c440) 1000 mg<br \/>\nAntioxidanter, tocopherolekstrakter fra vegetabilske olier 1b306(i)<\/p>\n<p>&nbsp;<\/p>\n<p>&nbsp;<\/p>\n<p><strong>Anbefalet daglig foderm\u00e6ngde (g\/dag):<\/strong><\/p>\n<p><img loading=\"lazy\" decoding=\"async\" class=\"alignnone wp-image-4620\" src=\"https:\/\/haps.centrumdyrehandel.dk\/wp-content\/uploads\/2024\/02\/Mini-puppy-0623ok-600x305.jpg\" alt=\"\" width=\"500\" height=\"254\" \/><\/p>\n<p>M\u00e6ngden af \u200b\u200bfoder b\u00f8r gradvist justeres hver 2.-3. dag til ugentligt, indtil den anbefalede foderm\u00e6ngde for f\u00f8lgende aldersgruppe er n\u00e5et. Efterh\u00e5nden som slutv\u00e6gten er n\u00e5et, falder energibehovet, og foderm\u00e6ngden skal tilpasses efter foderanbefalingerne. S\u00f8rg for at skifte til en passende voksenfoder, n\u00e5r den endelige v\u00e6gt er n\u00e5et.<\/p>\n<p>Vej hvalpe regelm\u00e6ssigt og dokumenter v\u00e6gtudvikling.<\/p>\n<p>Oplysningerne er vejledende. Behovene varierer afh\u00e6ngigt af alder, race, holdning og aktivitet. En justering af foderm\u00e6ngden kan derfor v\u00e6re n\u00f8dvendig p\u00e5 individuel basis.<\/p>\n<p>Foder ikke for meget &#8211; v\u00e6r opm\u00e6rksom p\u00e5 medium v\u00e6kst.<\/p>\n<p>N\u00e5r du tilf\u00f8jer snacks, b\u00f8r m\u00e6ngden af \u200b\u200bfoder reduceres tilsvarende. Tip: Brug en del af den daglige foderration som snackerstatning.<\/p>\n<p>Giv foderet t\u00f8r eller h\u00e6ld vand (ca. 60\u00b0C) over og lad den tr\u00e6kke i et par minutter.<\/p>\n<p>Opdel den daglige foderration i flere m\u00e5ltider (3-4).<\/p>\n<p>Tilbyd altid frisk drikkevand hele d\u00f8gnet.<\/p>\n","protected":false},"excerpt":{"rendered":"<p>&nbsp;<\/p>\n<p><!--more--><\/p>\n<p>Findes i 4 kg<\/p>\n<ul>\n<li>Fra 1-12 m\u00e5neder<\/li>\n<li>Sm\u00e5 kroketter<\/li>\n<li>Letford\u00f8jelig<\/li>\n<li>Lam og ris<\/li>\n<li>Uden fjerkr\u00e6<\/li>\n<li>Glutenfri<\/li>\n<li>30\/16 protein\/fedt<\/li>\n<li>Anbefalet af dyrel\u00e6ger og opdr\u00e6ttere<\/li>\n<\/ul>\n","protected":false},"featured_media":909,"comment_status":"closed","ping_status":"closed","template":"","meta":[],"product_brand":[],"product_cat":[1218,1176,1543,1168,1596],"product_tag":[],"class_list":{"0":"post-1532","1":"product","2":"type-product","3":"status-publish","4":"has-post-thumbnail","6":"product_cat-foderintolerance-hund-2","7":"product_cat-fordoejelse-hund","8":"product_cat-glutenfri-hund-2","9":"product_cat-hundefoder-2","10":"product_cat-hvalpe-og-unge-hunde-2","12":"first","13":"instock","14":"featured","15":"product-type-simple"},"supplier_id":null,"supplier_sku":"","barcode":null,"atum_controlled":true,"out_stock_date":null,"out_stock_threshold":null,"inheritable":false,"inbound_stock":null,"stock_on_hold":0,"sold_today":0,"sales_last_days":0,"reserved_stock":null,"customer_returns":null,"warehouse_damage":null,"lost_in_post":null,"other_logs":null,"out_stock_days":0,"lost_sales":0,"has_location":null,"update_date":"2026-01-26T00:06:56","atum_locations":[],"atum_stock_status":"instock","restock_status":false,"low_stock_amount":"","sales_update_date":"2026-01-26T00:06:56","calc_backorders":null,"_links":{"self":[{"href":"https:\/\/3d-printere.dk\/index.php\/wp-json\/wp\/v2\/product\/1532","targetHints":{"allow":["GET"]}}],"collection":[{"href":"https:\/\/3d-printere.dk\/index.php\/wp-json\/wp\/v2\/product"}],"about":[{"href":"https:\/\/3d-printere.dk\/index.php\/wp-json\/wp\/v2\/types\/product"}],"replies":[{"embeddable":true,"href":"https:\/\/3d-printere.dk\/index.php\/wp-json\/wp\/v2\/comments?post=1532"}],"wp:featuredmedia":[{"embeddable":true,"href":"https:\/\/3d-printere.dk\/index.php\/wp-json\/wp\/v2\/media\/909"}],"wp:attachment":[{"href":"https:\/\/3d-printere.dk\/index.php\/wp-json\/wp\/v2\/media?parent=1532"}],"wp:term":[{"taxonomy":"product_brand","embeddable":true,"href":"https:\/\/3d-printere.dk\/index.php\/wp-json\/wp\/v2\/product_brand?post=1532"},{"taxonomy":"product_cat","embeddable":true,"href":"https:\/\/3d-printere.dk\/index.php\/wp-json\/wp\/v2\/product_cat?post=1532"},{"taxonomy":"product_tag","embeddable":true,"href":"https:\/\/3d-printere.dk\/index.php\/wp-json\/wp\/v2\/product_tag?post=1532"}],"curies":[{"name":"wp","href":"https:\/\/api.w.org\/{rel}","templated":true}]}}