{"id":1501,"date":"2025-12-05T15:52:09","date_gmt":"2025-12-05T14:52:09","guid":{"rendered":"https:\/\/3d-printere.dk\/index.php\/vare\/sensible-puppy-kylling-laks-og-kartoffel-5\/"},"modified":"2025-12-05T15:52:30","modified_gmt":"2025-12-05T14:52:30","slug":"sensible-puppy-kylling-laks-og-kartoffel-5","status":"publish","type":"product","link":"https:\/\/3d-printere.dk\/index.php\/vare\/sensible-puppy-kylling-laks-og-kartoffel-5\/","title":{"rendered":"Sensible Puppy kylling, laks og kartoffel"},"content":{"rendered":"<p>Komplet foder til hvalpe fra 4. leveuge til og med 6. m\u00e5ned. Indeholder v\u00e6rdifulde newzealandske muslinger og psyllium fr\u00f8skaller.<\/p>\n<p>Fremstillet i Tyskland under den strengeste kvalitetskontrol!<\/p>\n<p>&nbsp;<\/p>\n<p><strong>Ingredienser:<\/strong><br \/>\nKyllingek\u00f8d*, kartoffelflager (22,5 %), ris, laksemel (10 %), k\u00f8dmel, fjerkr\u00e6fedt, oksefedt, hydrolyseret lever, roetr\u00e6vler* (afsukret), cellulose, solsikkeolie, \u00e6blekvas*, kaliumklorid, g\u00e6r*, natriumklorid, rapsolie, tang*, h\u00f8rfr\u00f8, psylliumfr\u00f8skaller, muslingek\u00f8d* (0. 05 %), yucca schidigera*, g\u00e6r* (ekstrakt), marietidsel, artiskok, m\u00e6lkeb\u00f8tte, ingef\u00e6r, birkeblade, br\u00e6nden\u00e6lde, kamille, koriander, rosmarin, salvie, lakridsrod, timian (t\u00f8rrede urter i alt: 0,16 %); *) t\u00f8rret<\/p>\n<p><strong>Analytiske bestanddele:<\/strong><br \/>\nR\u00e5protein 30,0 %, r\u00e5fedt 16,0 %, r\u00e5fibre 3,0 %, r\u00e5aske 7,5 %, calcium 1,6 %, fosfor 1,05 %, natrium 0,4 %, kalium 0,6 %, magnesium 0,08 %, omega 6-fedtsyrer 2,5 %, omega 3-fedtsyrer 0,3 %.<\/p>\n<p>&nbsp;<\/p>\n<p><strong>Tils\u00e6tningsstoffer:<br \/>\n<\/strong><br \/>\n<strong>Vitaminer\/kg:<\/strong><br \/>\nA-vitamin (3a672a) 17000 IE, vitamin D3 (3a671) 1000 IE, vitamin E (all-rac-alpha-tocopherylacetat 3a700) 125 mg, vitamin B1 (thiaminmononitrat 3a821) 4 mg, vitamin B2 (riboflavin 3a825ii) 4 mg, vitamin B6 (pyridoxinhydrochlorid 3a831) 4 mg, biotin (3a880) 495 mcg, calcium-d-pantothenat (3a841) 10 mg, niacin (3a314) 50 mg, vitamin B12 70 mcg, cholinklorid (3a890) 30 mg, vitamin C (natriumcalciumascorbylphosphat 3a312) 55 mg.<\/p>\n<p><strong>Sporstoffer \/ kg:<\/strong><br \/>\nJern (jern(II)sulfatmonohydrat 3b103) 65 mg, kobber (kobber(II)sulfatpentahydrat 3b405) 14 mg, zink (zinkoxid 3b603) 100 mg, zinkchelat af aminosyrer, hydrat 3b606 25 mg) 125 mg, mangan (mangan(II)oxid 3b502) 30 mg, jod (calciumjodat, vandfrit 3b202) 2 mg, zink(II)oxid 3b502) 30 mg, jod (calciumjodat, vandfrit 3b202) 2 mg. 5 mg, selen (natriumselenit 3b801) 0,2 mg. Antioxidant, tocopherolrige ekstrakter fra planteolier 1b306(i)<\/p>\n<p>&nbsp;<\/p>\n<p><strong>Anbefalet daglig foderm\u00e6ngde (g\/dag):<\/strong><\/p>\n<p><img loading=\"lazy\" decoding=\"async\" class=\"alignnone wp-image-5748\" src=\"https:\/\/haps.centrumdyrehandel.dk\/wp-content\/uploads\/2022\/06\/Sensible-Puppy-kylling-laks-og-kartoffel-foderplan-052022-600x440.jpg\" alt=\"\" width=\"500\" height=\"367\" \/><\/p>\n<p><strong>Bem\u00e6rk:<\/strong> M\u00e6ngden af foder b\u00f8r \u00f8ges gradvist hver 2.-3. dag, til ugentligt indtil den m\u00e6ngde, der anbefales for den n\u00e6ste aldersgruppe, er n\u00e5et. Fra 27 uger overg\u00e5r du langsomt til et passende juniorfoder. Vej hvalpene regelm\u00e6ssigt og dokumenter deres v\u00e6gtudvikling. Det kan v\u00e6re n\u00f8dvendigt at justere m\u00e6ngden af foder individuelt. Fodre ikke for meget &#8211; v\u00e6r opm\u00e6rksom p\u00e5 den moderate v\u00e6kst. Ved tils\u00e6tning af snacks b\u00f8r foderm\u00e6ngden reduceres tilsvarende. Tip: Brug en del af den daglige foderration som snackserstatning. Giv foderet t\u00f8r eller tilf\u00f8j frisk, varmt vand (omkring 50-60\u00b0 C) og lad det tr\u00e6kke i et par minutter. Fordel den daglige foderration p\u00e5 flere m\u00e5ltider (3-4). S\u00f8rg for, at der altid er frisk drikkevand til r\u00e5dighed.<\/p>\n<p>&nbsp;<\/p>\n","protected":false},"excerpt":{"rendered":"<p>&nbsp;<\/p>\n<p><!--more--><\/p>\n<p>Findes i 1 kg, 4 kg og 10 kg<\/p>\n<ul>\n<li>Fra 4. leveuge til 6. levem\u00e5ned<\/li>\n<li>Let ford\u00f8jelig<\/li>\n<li>Kylling, laks og kartoffel<\/li>\n<li>Glutenfri<\/li>\n<li>30\/16 protein\/fedt<\/li>\n<li>Anbefalet af dyrel\u00e6ger og opdr\u00e6ttere<\/li>\n<\/ul>\n","protected":false},"featured_media":822,"comment_status":"closed","ping_status":"closed","template":"","meta":[],"product_brand":[],"product_cat":[1218,1176,1543,1168,1596,2062,2061,1278,1853],"product_tag":[],"class_list":{"0":"post-1501","1":"product","2":"type-product","3":"status-publish","4":"has-post-thumbnail","6":"product_cat-foderintolerance-hund-2","7":"product_cat-fordoejelse-hund","8":"product_cat-glutenfri-hund-2","9":"product_cat-hundefoder-2","10":"product_cat-hvalpe-og-unge-hunde-2","11":"product_cat-maxi-hund-2","12":"product_cat-medium-hund-2","13":"product_cat-opdraetter-serie-hund","14":"product_cat-profiline-2","16":"first","17":"instock","18":"featured","19":"product-type-simple"},"supplier_id":null,"supplier_sku":"","barcode":null,"atum_controlled":true,"out_stock_date":null,"out_stock_threshold":null,"inheritable":false,"inbound_stock":null,"stock_on_hold":0,"sold_today":0,"sales_last_days":0,"reserved_stock":null,"customer_returns":null,"warehouse_damage":null,"lost_in_post":null,"other_logs":null,"out_stock_days":0,"lost_sales":0,"has_location":null,"update_date":"2026-01-26T00:06:55","atum_locations":[],"atum_stock_status":"instock","restock_status":false,"low_stock_amount":"","sales_update_date":"2026-01-26T00:06:55","calc_backorders":null,"_links":{"self":[{"href":"https:\/\/3d-printere.dk\/index.php\/wp-json\/wp\/v2\/product\/1501","targetHints":{"allow":["GET"]}}],"collection":[{"href":"https:\/\/3d-printere.dk\/index.php\/wp-json\/wp\/v2\/product"}],"about":[{"href":"https:\/\/3d-printere.dk\/index.php\/wp-json\/wp\/v2\/types\/product"}],"replies":[{"embeddable":true,"href":"https:\/\/3d-printere.dk\/index.php\/wp-json\/wp\/v2\/comments?post=1501"}],"wp:featuredmedia":[{"embeddable":true,"href":"https:\/\/3d-printere.dk\/index.php\/wp-json\/wp\/v2\/media\/822"}],"wp:attachment":[{"href":"https:\/\/3d-printere.dk\/index.php\/wp-json\/wp\/v2\/media?parent=1501"}],"wp:term":[{"taxonomy":"product_brand","embeddable":true,"href":"https:\/\/3d-printere.dk\/index.php\/wp-json\/wp\/v2\/product_brand?post=1501"},{"taxonomy":"product_cat","embeddable":true,"href":"https:\/\/3d-printere.dk\/index.php\/wp-json\/wp\/v2\/product_cat?post=1501"},{"taxonomy":"product_tag","embeddable":true,"href":"https:\/\/3d-printere.dk\/index.php\/wp-json\/wp\/v2\/product_tag?post=1501"}],"curies":[{"name":"wp","href":"https:\/\/api.w.org\/{rel}","templated":true}]}}