{"id":1444,"date":"2025-12-05T15:50:40","date_gmt":"2025-12-05T14:50:40","guid":{"rendered":"https:\/\/3d-printere.dk\/index.php\/vare\/sterilised-atlantic-lachs-atlanterhavs-laks-6\/"},"modified":"2025-12-05T15:51:02","modified_gmt":"2025-12-05T14:51:02","slug":"sterilised-atlantic-lachs-atlanterhavs-laks-6","status":"publish","type":"product","link":"https:\/\/3d-printere.dk\/index.php\/vare\/sterilised-atlantic-lachs-atlanterhavs-laks-6\/","title":{"rendered":"Sterilised Atlantic-Lachs (atlanterhavs laks)"},"content":{"rendered":"<p>Katte fork\u00e6les med en opskrift indeholdende let ford\u00f8jelig laks, v\u00e6rdifuld rosmarin og marietidsel. Laks &#8211; rig p\u00e5 omega-3-fedtsyrer. N\u00e6ringsstoffer som B-vitaminer og zink bidrager til hud og pels. Den l\u00e6kre opskrift med kun 10,5% fedt og m\u00e6ttende fibre bidrager til en optimal v\u00e6gtstyring for neutraliserede katte. Hormonelt betinget har disse tendens til \u00f8get appetit og samtidig lavere energibehov. De indeholdte fibre bidrager ogs\u00e5 til h\u00e5rbollekontrol<\/p>\n<p>Happy Cat\u00b4s &#8220;<a href=\"https:\/\/haps.centrumdyrehandel.dk\/happy-dog-natural-life-concept\/\" target=\"_blank\" rel=\"noopener\">Natural Life Concept<\/a>&#8221; og \u201c<a href=\"https:\/\/haps.centrumdyrehandel.dk\/all-in-one-konceptet\/\" target=\"_blank\" rel=\"noopener\">All in one<\/a>\u201d , findes i alle Happy Cat Sterilised produkter.<\/p>\n<p>Fremstillet i Tyskland under den strengeste kvalitetskontrol.<\/p>\n<p>&nbsp;<\/p>\n<p><strong>Ingredienser:<\/strong><strong><br \/>\n<\/strong>Animalsk protein* (fra fjerkr\u00e6), fedtegrever, laksemel (11%), majsmel, ris, majs, kartoffel*, lignocellulose (5,5%), olier og fedtstoffer, hydrolyseret protein*, t\u00f8rrede roetr\u00e6vler, \u00e6blekvas* (0,8%) % ), kaliumchlorid, g\u00e6r*, natriumchlorid, t\u00f8rrede hele \u00e6g, havalger*, h\u00f8rfr\u00f8 (0,16 %), cikoriepulver (0,15 % = 0,1 % inulin), yucca schidigera* (0,1 %), muslingek\u00f8d* (0 ,05%), marietidsel (0,024%), g\u00e6r* (ekstraheret, 0,02% = 0,0032% MOS), artiskok, m\u00e6lkeb\u00f8tte, ingef\u00e6r, birkeblade, br\u00e6nden\u00e6lde, kamille, koriander, rosmarin (0,008%), salvie, lakridsrod , timian (t\u00f8rrede urter i alt: 0,16%); *) t\u00f8rret.<\/p>\n<p><strong>Analytiske bestanddele:<\/strong><strong><br \/>\n<\/strong>R\u00e5protein 37,0%, r\u00e5fedt 10,5%, r\u00e5fiber 5,5%, r\u00e5aske 8,0%, calcium 1,3%, fosfor 1,05%, natrium 0,65%, kalium 0,65%, magnesium 0,1%, omega-6-fedtsyrer 2,5%, omega-3-fedtsyrer 0,3%.<\/p>\n<p>&nbsp;<\/p>\n<p><strong>Tils\u00e6tningsstoffer<\/strong><\/p>\n<p><strong>Vitaminer \/ kg:<\/strong><strong><br \/>\n<\/strong>Vitamin A (3a672a) 18000 IE, Vitamin D3 (3a671) 1000 IE, Vitamin E (3a700i) 130 mg, Vitamin B1 (3a821) 4 mg, Vitamin B2 (3a825ii) 4 mg, Vitamin B6 (3a831) 4 mg, Biotin (3a880) 500 mcg, Calcium D-Pantothenate (3a841) 10 mg, Niacin (3a314, Vitamin B15 mg) 75 mcg, C-vitamin (3a312) 35 mg, cholinklorid (3a890) 60 mg,<br \/>\nTaurin (3a370) 1000 mg.<\/p>\n<p><strong>Sporstoffer \/ kg:<\/strong><strong><br \/>\n<\/strong>Jern (3b103) 50 mg, kobber (3b405) 10 mg, zink (3b603, 3b606) 105 mg, mangan (3b502) 26 mg, jod (3b202) 2 mg, selen (3b.801) 0,1 mg.<\/p>\n<p><strong>Aminosyrer\/kg:<\/strong><strong><br \/>\n<\/strong>DL-methionin (3c301) 4700 mg. Antioxidant, tocopherolekstrakter fra vegetabilske olier 1b306(i).<\/p>\n<p>&nbsp;<\/p>\n<p><strong>Anbefalet daglig foderm\u00e6ngde (g\/dag):<\/strong><\/p>\n<p><img loading=\"lazy\" decoding=\"async\" class=\"alignnone wp-image-6593\" src=\"https:\/\/haps.centrumdyrehandel.dk\/wp-content\/uploads\/2022\/06\/Sterilised-atlantic-lachs-220424-600x395.jpg\" alt=\"\" width=\"501\" height=\"330\" \/><\/p>\n<p>S\u00f8rg for, at der er frisk drikkevand til r\u00e5dighed p\u00e5 alle tidspunkter, i en god afstand fra fodersk\u00e5len. I betragtning af forskellen mellem de enkelte katte, kan den angivne daglige m\u00e6ngde reduceres med op til 15 %. Opdel den daglige m\u00e6ngde af foder, i flere m\u00e5ltider.<\/p>\n<p>&nbsp;<\/p>\n","protected":false},"excerpt":{"rendered":"<p>&nbsp;<\/p>\n<p><!--more--><\/p>\n<p>Findes i 300 gr &#8211; 1,3 kg &#8211; 4 kg og 10 kg<\/p>\n<ul>\n<li>Komplet foder til neutraliserede katte<\/li>\n<li>Laks, rosmarin og marietidsel<\/li>\n<li>M\u00e6ttende og velsmagende med kun 10,5% fedt<\/li>\n<li>Indeholder omega-3 og omega-6 fedtsyrer<\/li>\n<li>Bidrager til h\u00e5rbollekontrol<\/li>\n<li>37\/10,5 protein\/fedt<\/li>\n<li>Anbefalet af dyrl\u00e6ger og opdr\u00e6ttere<\/li>\n<\/ul>\n","protected":false},"featured_media":649,"comment_status":"closed","ping_status":"closed","template":"","meta":[],"product_brand":[],"product_cat":[1329,1933,2070,2071,2076,2073,2074],"product_tag":[],"class_list":{"0":"post-1444","1":"product","2":"type-product","3":"status-publish","4":"has-post-thumbnail","6":"product_cat-happy-cat-sterilised","7":"product_cat-kattefoder-2","8":"product_cat-maxi-kat-2","9":"product_cat-medium-kat-2","10":"product_cat-neutraliseret-kat-2","11":"product_cat-toerfoder-kat-2","12":"product_cat-voksen-kat-2","14":"first","15":"instock","16":"featured","17":"product-type-simple"},"supplier_id":null,"supplier_sku":"","barcode":null,"atum_controlled":true,"out_stock_date":null,"out_stock_threshold":null,"inheritable":false,"inbound_stock":null,"stock_on_hold":0,"sold_today":0,"sales_last_days":0,"reserved_stock":null,"customer_returns":null,"warehouse_damage":null,"lost_in_post":null,"other_logs":null,"out_stock_days":0,"lost_sales":0,"has_location":null,"update_date":"2026-01-26T00:06:56","atum_locations":[],"atum_stock_status":"instock","restock_status":false,"low_stock_amount":"","sales_update_date":"2026-01-26T00:06:56","calc_backorders":null,"_links":{"self":[{"href":"https:\/\/3d-printere.dk\/index.php\/wp-json\/wp\/v2\/product\/1444","targetHints":{"allow":["GET"]}}],"collection":[{"href":"https:\/\/3d-printere.dk\/index.php\/wp-json\/wp\/v2\/product"}],"about":[{"href":"https:\/\/3d-printere.dk\/index.php\/wp-json\/wp\/v2\/types\/product"}],"replies":[{"embeddable":true,"href":"https:\/\/3d-printere.dk\/index.php\/wp-json\/wp\/v2\/comments?post=1444"}],"wp:featuredmedia":[{"embeddable":true,"href":"https:\/\/3d-printere.dk\/index.php\/wp-json\/wp\/v2\/media\/649"}],"wp:attachment":[{"href":"https:\/\/3d-printere.dk\/index.php\/wp-json\/wp\/v2\/media?parent=1444"}],"wp:term":[{"taxonomy":"product_brand","embeddable":true,"href":"https:\/\/3d-printere.dk\/index.php\/wp-json\/wp\/v2\/product_brand?post=1444"},{"taxonomy":"product_cat","embeddable":true,"href":"https:\/\/3d-printere.dk\/index.php\/wp-json\/wp\/v2\/product_cat?post=1444"},{"taxonomy":"product_tag","embeddable":true,"href":"https:\/\/3d-printere.dk\/index.php\/wp-json\/wp\/v2\/product_tag?post=1444"}],"curies":[{"name":"wp","href":"https:\/\/api.w.org\/{rel}","templated":true}]}}