{"id":1283,"date":"2025-10-15T11:59:42","date_gmt":"2025-10-15T09:59:42","guid":{"rendered":"https:\/\/3d-printere.dk\/index.php\/vare\/care-schonkost-niere-nyre-2\/"},"modified":"2025-10-15T11:59:44","modified_gmt":"2025-10-15T09:59:44","slug":"care-schonkost-niere-nyre-2","status":"publish","type":"product","link":"https:\/\/3d-printere.dk\/index.php\/vare\/care-schonkost-niere-nyre-2\/","title":{"rendered":"Care Schonkost Niere (nyre)"},"content":{"rendered":"<p>Di\u00e6tetisk foder, Happy Cat Care Schonkost Niere, er specielt udviklet til katte med nedsat nyrefunktion. Den afbalancerede, glutenfri opskrift med protein fra fjerkr\u00e6 og fedtstoffer, samt v\u00e6rdifulde urter. Di\u00e6tetisk kattefoder til katte i en tidlig fase af kronisk nyreinsufficiens (nyresvigt). V\u00e6r opm\u00e6rksom p\u00e5, at en s\u00e5dan diagnose skal bekr\u00e6ftes og afklares af en dyrl\u00e6ge.<\/p>\n<p>Happy Cat\u00b4s &#8220;<a href=\"https:\/\/haps.centrumdyrehandel.dk\/happy-dog-natural-life-concept\/\" target=\"_blank\" rel=\"noopener\">Natural Life Concept<\/a>&#8221; og \u201c<a href=\"https:\/\/haps.centrumdyrehandel.dk\/all-in-one-konceptet\/\" target=\"_blank\" rel=\"noopener\">All in one<\/a>\u201d , findes i alle Happy Cat Care produkter.<\/p>\n<p>Fremstillet i Tyskland under den strengeste kvalitetskontrol.<\/p>\n<p>&nbsp;<\/p>\n<p><strong>Ingredienser:<\/strong><br \/>\nRis, olier og fedtstoffer, fedtegrever (15%), kartofler*, animalsk protein* (fjerkr\u00e6 7,5%), ris<br \/>\nprotein* (7%), lignocellulose, hydrolyseret protein*, h\u00e6moglobin*, roemelassemasse* (afsukkeret), calciumcarbonat, \u00e6blepresserester* (0,6%), h\u00f8rfr\u00f8 (0,6%), kaliumchlorid, majs, tang*, cikorie pulver (0,15% = 0,1% inulin), g\u00e6r*, natriumchlorid, Yucca schidigera* (0,1%), g\u00e6r* (ekstraheret, 0,05% = 0,008% MOS), marietidsel, artiskok, m\u00e6lkeb\u00f8tte, ingef\u00e6r, birk (0,006% ), br\u00e6nden\u00e6lde (0,006%), kamille, koriander, rosmarin, salvie, lakridsrod, timian (i alt t\u00f8rrede urter: 0,06%); *t\u00f8rret.<\/p>\n<p><strong>Analytiske bestanddele:<\/strong><br \/>\nR\u00e5protein 28,5%, r\u00e5fedt 20,0%, r\u00e5fiber 3,5%, r\u00e5aske 4,5%, calcium 0,4%, fosfor 0,35%, natrium 0,4%, kalium 0,65%, magnesium 0,06%, omega-6 fedtsyrer 3,5%, omega-3 fedtsyrer 0,4%.<\/p>\n<p>&nbsp;<\/p>\n<p><strong>Tils\u00e6tningsstoffer<\/strong><\/p>\n<p><strong>Vitaminer \/ kg:<\/strong><br \/>\nVitamin A (3a672a) 17000 I.E., Vitamin D3 (3a671) 1000 I.E., Vitamin E (3a700i) 120 mg, Vitamin B1 (3a821) 4 mg, Vitamin B2 (3a825ii) 4 mg, Vitamin B6 (3a831) 4 mg, Biotin (3a880) 500 mcg, Calcium-D-Pantothenat (3a841) 10 mg, Niacin (3a314) 50 mg, Vitamin B12 70 mcg, Vitamin C (3a312) 30 mg, Cholinchlorid (3a890) 25 mg, Taurin (3a370) 1000 mg.<\/p>\n<p><strong>Sporstoffer \/ kg:<\/strong><br \/>\nJern (3b103) 75 mg, kobber (3b405) 15 mg, zink (3b603, 3b606) 115 mg, mangan (3b502) 20 mg, Jod (3b202) 2 mg, selen (3b801) 0,25 mg. Antioxidanter, tokoferolekstrakter fra vegetabilske olier 1b306(i).<\/p>\n<p>&nbsp;<\/p>\n<p><strong>Anbefalet daglig foderm\u00e6ngde (g\/dag):<\/strong><\/p>\n<p><img loading=\"lazy\" decoding=\"async\" class=\"alignnone wp-image-6649\" src=\"https:\/\/3d-printere.dk\/wp-content\/uploads\/2025\/10\/Happy-Cat-Care-Schonkost-Niere-220424-1-600x395.jpg\" alt=\"\" width=\"500\" height=\"329\" \/><\/p>\n<p>S\u00f8rg for, at der er frisk drikkevand til r\u00e5dighed p\u00e5 alle tidspunkter, i en god afstand fra fodersk\u00e5len. I betragtning af forskellen mellem de enkelte katte, kan den angivne daglige m\u00e6ngde reduceres med op til 15 %. Opdel den daglige m\u00e6ngde af foder, i flere m\u00e5ltider.<\/p>\n","protected":false},"excerpt":{"rendered":"<p><!--more--><\/p>\n<p><span style=\"color: #339966;\">M\u00c5 KUN ANVENDES EFTER AFTALE MED EN DYRL\u00c6GE<\/span><\/p>\n<p>Findes i 1,3 kg og 4 kg<\/p>\n<ul>\n<li>Komplet foder<\/li>\n<li>Glutenfri<\/li>\n<li>Nedsat nyrefunktion<\/li>\n<li>Tilpasset protein- og mineralindhold<\/li>\n<li>Til sensible katte<\/li>\n<li>Di\u00e6tetisk fuldfoder<\/li>\n<li>3 slags krokettemix<\/li>\n<li>34\/15 protein\/fedt<\/li>\n<li>Anbefalet af dyrl\u00e6ger og opdr\u00e6ttere<\/li>\n<\/ul>\n","protected":false},"featured_media":0,"comment_status":"closed","ping_status":"closed","template":"","meta":[],"product_brand":[],"product_cat":[1316,1317,1998,1988,1989,1990,1991,1992,1993,1994,1995,1996,1997],"product_tag":[],"class_list":{"0":"post-1283","1":"product","2":"type-product","3":"status-publish","5":"product_cat-foderintolerance-kat","6":"product_cat-glutenfri-kat-foderintolerance-kat","7":"product_cat-happy-cat-care-voksen-kat-vet-kat-nyrersvigt-vet-kat-sensible-nyresvigt-kat-neutraliseret-kat-medium-kat-maxi-kat-kattefoder-happy-cat-senior-glutenfri-kat-foderintolerance-kat","8":"product_cat-happy-cat-senior-glutenfri-kat-foderintolerance-kat","9":"product_cat-kattefoder-happy-cat-senior-glutenfri-kat-foderintolerance-kat","10":"product_cat-maxi-kat-kattefoder-happy-cat-senior-glutenfri-kat-foderintolerance-kat","11":"product_cat-medium-kat-maxi-kat-kattefoder-happy-cat-senior-glutenfri-kat-foderintolerance-kat","12":"product_cat-neutraliseret-kat-medium-kat-maxi-kat-kattefoder-happy-cat-senior-glutenfri-kat-foderintolerance-kat","13":"product_cat-nyresvigt-kat-neutraliseret-kat-medium-kat-maxi-kat-kattefoder-happy-cat-senior-glutenfri-kat-foderintolerance-kat","14":"product_cat-sensible-nyresvigt-kat-neutraliseret-kat-medium-kat-maxi-kat-kattefoder-happy-cat-senior-glutenfri-kat-foderintolerance-kat","15":"product_cat-vet-kat-sensible-nyresvigt-kat-neutraliseret-kat-medium-kat-maxi-kat-kattefoder-happy-cat-senior-glutenfri-kat-foderintolerance-kat","16":"product_cat-vet-kat-nyrersvigt-vet-kat-sensible-nyresvigt-kat-neutraliseret-kat-medium-kat-maxi-kat-kattefoder-happy-cat-senior-glutenfri-kat-foderintolerance-kat","17":"product_cat-voksen-kat-vet-kat-nyrersvigt-vet-kat-sensible-nyresvigt-kat-neutraliseret-kat-medium-kat-maxi-kat-kattefoder-happy-cat-senior-glutenfri-kat-foderintolerance-kat","19":"first","20":"onbackorder","21":"taxable","22":"shipping-taxable","23":"purchasable","24":"product-type-simple"},"supplier_id":null,"supplier_sku":"","barcode":null,"atum_controlled":true,"out_stock_date":"2025-10-15 11:59:44","out_stock_threshold":null,"inheritable":false,"inbound_stock":null,"stock_on_hold":0,"sold_today":0,"sales_last_days":0,"reserved_stock":null,"customer_returns":null,"warehouse_damage":null,"lost_in_post":null,"other_logs":null,"out_stock_days":102,"lost_sales":0,"has_location":null,"update_date":"2026-01-26T00:06:53","atum_locations":[],"atum_stock_status":"onbackorder","restock_status":false,"low_stock_amount":"","sales_update_date":"2026-01-26T00:06:53","calc_backorders":0,"_links":{"self":[{"href":"https:\/\/3d-printere.dk\/index.php\/wp-json\/wp\/v2\/product\/1283","targetHints":{"allow":["GET"]}}],"collection":[{"href":"https:\/\/3d-printere.dk\/index.php\/wp-json\/wp\/v2\/product"}],"about":[{"href":"https:\/\/3d-printere.dk\/index.php\/wp-json\/wp\/v2\/types\/product"}],"replies":[{"embeddable":true,"href":"https:\/\/3d-printere.dk\/index.php\/wp-json\/wp\/v2\/comments?post=1283"}],"wp:attachment":[{"href":"https:\/\/3d-printere.dk\/index.php\/wp-json\/wp\/v2\/media?parent=1283"}],"wp:term":[{"taxonomy":"product_brand","embeddable":true,"href":"https:\/\/3d-printere.dk\/index.php\/wp-json\/wp\/v2\/product_brand?post=1283"},{"taxonomy":"product_cat","embeddable":true,"href":"https:\/\/3d-printere.dk\/index.php\/wp-json\/wp\/v2\/product_cat?post=1283"},{"taxonomy":"product_tag","embeddable":true,"href":"https:\/\/3d-printere.dk\/index.php\/wp-json\/wp\/v2\/product_tag?post=1283"}],"curies":[{"name":"wp","href":"https:\/\/api.w.org\/{rel}","templated":true}]}}