{"id":1282,"date":"2025-10-15T11:59:42","date_gmt":"2025-10-15T09:59:42","guid":{"rendered":"https:\/\/3d-printere.dk\/index.php\/vare\/care-urinary-control-stoette-af-urinvejene-3\/"},"modified":"2025-10-15T11:59:44","modified_gmt":"2025-10-15T09:59:44","slug":"care-urinary-control-stoette-af-urinvejene-3","status":"publish","type":"product","link":"https:\/\/3d-printere.dk\/index.php\/vare\/care-urinary-control-stoette-af-urinvejene-3\/","title":{"rendered":"Care Urinary Control (st\u00f8tte af urinvejene)"},"content":{"rendered":"<p>Komplet foder, Happy Cat Care Urinary Control, glutenfri og specielt udviklet til katte der d\u00f8jer med urinvejene og suppleres med de velafbalancerede urter som m\u00e6lkeb\u00f8tte og br\u00e6nden\u00e6lde. Ved at \u00f8ge indholdet af methionin, der bidrager til en st\u00e6rkere forsuring af urinen, og med den reducerede m\u00e6ngde af mineraler som calcium, fosfor og magnesium, beskyttes kattens urinveje. Sammens\u00e6tningen med fjerkr\u00e6 og urter, der ogs\u00e5 indeholder glucosamin, underst\u00f8tters bl\u00e6rens slimhinde. Blandingen af tre forskellige kroketter giver ogs\u00e5 mere gl\u00e6de og variation i madsk\u00e5len.<\/p>\n<p>Happy Cat\u00b4s &#8220;<a href=\"https:\/\/haps.centrumdyrehandel.dk\/happy-dog-natural-life-concept\/\" target=\"_blank\" rel=\"noopener\">Natural Life Concept<\/a>&#8221; og \u201c<a href=\"https:\/\/haps.centrumdyrehandel.dk\/all-in-one-konceptet\/\" target=\"_blank\" rel=\"noopener\">All in one<\/a>\u201d , findes i alle Happy Cat Care produkter.<\/p>\n<p>Fremstillet i Tyskland under den strengeste kvalitetskontrol.<\/p>\n<p>&nbsp;<\/p>\n<p><strong>Ingredienser:<\/strong><br \/>\nGreve, ris, majs, kartofler*, olier og fedtstoffer, kartoffelprotein*, animalsk protein* (3 % fra fjerkr\u00e6), hydrolyseret protein*, lignocellulose, calciumcarbonat, roetr\u00e6vler* (afsukret), kaliumchlorid, \u00e6blekvas*, g\u00e6r*, natriumchlorid, tang*, h\u00f8rfr\u00f8, g\u00e6r* (ekstraheret), glucosamin, cikoriepulver, yucca schidigera*, marietidsel, artiskok, m\u00e6lkeb\u00f8tte (0,008%), ingef\u00e6r, birk, br\u00e6nden\u00e6lde (0,008%), kamille, koriander, rosmarin, salvie, lakridsrod, timian (t\u00f8rrede urter i alt 0,08%); *t\u00f8rret.<\/p>\n<p><strong>Analytiske bestanddele:<\/strong><br \/>\nR\u00e5protein 34,0%, r\u00e5fedt 12,0%, r\u00e5fiber 3,0%, r\u00e5aske 5,5%, calcium 0,50%, fosfor 0,4%, natrium 0,4%, kalium 0,75%, magnesium 0,07%, omega-6-fedtsyrer 2,5%, omega-3-fedtsyrer 0,3%.<\/p>\n<p>&nbsp;<\/p>\n<p><strong>Tils\u00e6tningsstoffer<\/strong><\/p>\n<p><strong>Vitaminer \/ kg:<\/strong><br \/>\nVitamin A (3a672a) 15000 I.E., Vitamin D3 (3a671) 700 I.E., Vitamin E (3a700i) 240 mg, Vitamin C (3a312) 80 mg, Taurin (3a370) 2000 mg.<\/p>\n<p><strong>Sporstoffer \/ kg:<\/strong><br \/>\nJern (3b103) 55 mg, kobber (3b405) 11 mg, zink (3b603, 3b606) 90 mg, mangan (3b502) 20 mg, jod (3b202) 1,7 mg, selen (3b801) 0,15 mg..<\/p>\n<p><strong>Aminosyrer \/ kg:<\/strong><br \/>\nDL-Methionin (3c301) 7200 mg. Antioxidanter, tokoferolekstrakter fra vegetabilske olier 1b306(i).<\/p>\n<p>&nbsp;<\/p>\n<p><strong>Anbefalet daglig foderm\u00e6ngde (g\/dag):<\/strong><\/p>\n<p><img loading=\"lazy\" decoding=\"async\" class=\"alignnone wp-image-6670\" src=\"https:\/\/3d-printere.dk\/wp-content\/uploads\/2025\/10\/Happy-Cat-Care-Urinary-Control-230424-1-600x395.jpg\" alt=\"\" width=\"500\" height=\"329\" \/><\/p>\n<p>S\u00f8rg for, at der er frisk drikkevand til r\u00e5dighed p\u00e5 alle tidspunkter, i en god afstand fra fodersk\u00e5len. I betragtning af forskellen mellem de enkelte katte, kan den angivne daglige m\u00e6ngde reduceres med op til 15 %. Opdel den daglige m\u00e6ngde af foder, i flere m\u00e5ltider.<\/p>\n","protected":false},"excerpt":{"rendered":"<p><!--more--><\/p>\n<p>Findes i 1,3 kg og 10 kg<\/p>\n<ul>\n<li>Komplet foder<\/li>\n<li>Glutenfri<\/li>\n<li>Beskytter urinvejene<\/li>\n<li>For en optimal urin-PH-v\u00e6rdi<\/li>\n<li>Til sensible katte<\/li>\n<li>3 slags krokettemix<\/li>\n<li>34\/12 protein\/fedt<\/li>\n<li>Anbefalet af dyrl\u00e6ger og opdr\u00e6ttere<\/li>\n<\/ul>\n","protected":false},"featured_media":0,"comment_status":"closed","ping_status":"closed","template":"","meta":[],"product_brand":[],"product_cat":[1298,1308,1987,1887,1981,1982,1983,1984,1985,1986],"product_tag":[],"class_list":{"0":"post-1282","1":"product","2":"type-product","3":"status-publish","5":"product_cat-aktiv-kat","6":"product_cat-glutenfri-kat-aktiv-kat","7":"product_cat-happy-cat-care-voksen-kat-urinveje-kat-toerfoder-kat-sensible-medium-kat-maxi-kat-kattefoder-glutenfri-kat-aktiv-kat","8":"product_cat-kattefoder-glutenfri-kat-aktiv-kat","9":"product_cat-maxi-kat-kattefoder-glutenfri-kat-aktiv-kat","10":"product_cat-medium-kat-maxi-kat-kattefoder-glutenfri-kat-aktiv-kat","11":"product_cat-sensible-medium-kat-maxi-kat-kattefoder-glutenfri-kat-aktiv-kat","12":"product_cat-toerfoder-kat-sensible-medium-kat-maxi-kat-kattefoder-glutenfri-kat-aktiv-kat","13":"product_cat-urinveje-kat-toerfoder-kat-sensible-medium-kat-maxi-kat-kattefoder-glutenfri-kat-aktiv-kat","14":"product_cat-voksen-kat-urinveje-kat-toerfoder-kat-sensible-medium-kat-maxi-kat-kattefoder-glutenfri-kat-aktiv-kat","16":"first","17":"onbackorder","18":"taxable","19":"shipping-taxable","20":"purchasable","21":"product-type-simple"},"supplier_id":null,"supplier_sku":"","barcode":null,"atum_controlled":true,"out_stock_date":"2025-10-15 11:59:43","out_stock_threshold":null,"inheritable":false,"inbound_stock":null,"stock_on_hold":0,"sold_today":0,"sales_last_days":0,"reserved_stock":null,"customer_returns":null,"warehouse_damage":null,"lost_in_post":null,"other_logs":null,"out_stock_days":102,"lost_sales":0,"has_location":null,"update_date":"2026-01-26T00:06:53","atum_locations":[],"atum_stock_status":"onbackorder","restock_status":false,"low_stock_amount":"","sales_update_date":"2026-01-26T00:06:53","calc_backorders":0,"_links":{"self":[{"href":"https:\/\/3d-printere.dk\/index.php\/wp-json\/wp\/v2\/product\/1282","targetHints":{"allow":["GET"]}}],"collection":[{"href":"https:\/\/3d-printere.dk\/index.php\/wp-json\/wp\/v2\/product"}],"about":[{"href":"https:\/\/3d-printere.dk\/index.php\/wp-json\/wp\/v2\/types\/product"}],"replies":[{"embeddable":true,"href":"https:\/\/3d-printere.dk\/index.php\/wp-json\/wp\/v2\/comments?post=1282"}],"wp:attachment":[{"href":"https:\/\/3d-printere.dk\/index.php\/wp-json\/wp\/v2\/media?parent=1282"}],"wp:term":[{"taxonomy":"product_brand","embeddable":true,"href":"https:\/\/3d-printere.dk\/index.php\/wp-json\/wp\/v2\/product_brand?post=1282"},{"taxonomy":"product_cat","embeddable":true,"href":"https:\/\/3d-printere.dk\/index.php\/wp-json\/wp\/v2\/product_cat?post=1282"},{"taxonomy":"product_tag","embeddable":true,"href":"https:\/\/3d-printere.dk\/index.php\/wp-json\/wp\/v2\/product_tag?post=1282"}],"curies":[{"name":"wp","href":"https:\/\/api.w.org\/{rel}","templated":true}]}}