{"id":1092,"date":"2025-10-15T11:58:44","date_gmt":"2025-10-15T09:58:44","guid":{"rendered":"https:\/\/3d-printere.dk\/index.php\/vare\/vet-hund-intestinal-vaadfoder-fordoejelsesproblemer-2\/"},"modified":"2025-10-15T11:58:52","modified_gmt":"2025-10-15T09:58:52","slug":"vet-hund-intestinal-vaadfoder-fordoejelsesproblemer-2","status":"publish","type":"product","link":"https:\/\/3d-printere.dk\/index.php\/vare\/vet-hund-intestinal-vaadfoder-fordoejelsesproblemer-2\/","title":{"rendered":"VET HUND Intestinal v\u00e5dfoder &#8211; Ford\u00f8jelsesproblemer"},"content":{"rendered":"<p>Di\u00e6tetisk fuldfoder til hvalpe fra 6. m\u00e5ned og voksne hunde til lindring af akutte ford\u00f8jelsesproblemer<\/p>\n<p><strong>Indikation<\/strong><br \/>\nAkutte og kroniske mave-tarm-sygdomme<\/p>\n<p><strong>M\u00e5l<\/strong><br \/>\nHj\u00e6lp ved utilstr\u00e6kkelig ford\u00f8jelse<br \/>\nAflastning af ford\u00f8jelsessystemet<\/p>\n<p>&nbsp;<\/p>\n<p><strong>Ingredienser<\/strong><br \/>\nKyllingek\u00f8d og animalske biprodukter fra kylling (37%) og svinek\u00f8d (12%), kartoffel, ris (3%), guler\u00f8dder, mineraler, cellulose, lakseolie, psylliumskaller, cikorierod (kilde til FOS), g\u00e6rekstraheret (kilde til MOS) ), urteblanding.<\/p>\n<p><strong>Analytiske bestanddele<br \/>\n<\/strong>R\u00e5protein 8,0%, r\u00e5fedt 4,8%, r\u00e5fiber 0,75%, r\u00e5aske 1,5%, vandindhold 75%, calcium 0,3%, fosfor 0,24%, natrium 0,12%, kalium 0,22%, magnesium 0,03%, omega-6 fedtsyrer 0,55%, omega-3 fedtsyrer 0,12 %<\/p>\n<p>&nbsp;<\/p>\n<p><strong>Tils\u00e6tningsstoffer<\/strong><\/p>\n<p><strong>Vitaminer \/ kg:<br \/>\n<\/strong>Vitamin D3 (3a671) 240 IE, Vitamin E (alle rac-alpha-tocopherylacetat 3a700) 24 mg, Vitamin B1 (thiaminmononitrat 3a821) 5,8 mg, Vitamin B2 (Riboflavin 3a825i) 7,2 mg vitamin B6pyoxin hydrochlorid 3a831) 3 mg, biotin (3a880) 600 mcg, calcium D-pantothenat (3a841) 14,4 mg, niacinamid (3a315) 16,2 mg, vitamin B12 90 mcg, cholinchlorid (3a0090) (3aCarnitin mg, 3aCarnitin) (3aCarnitin mg) mg, Taurin (3a370) 500 mg<\/p>\n<p><strong>Sporstoffer\/kg:<\/strong><br \/>\nKobber (kobber(II)sulfatpentahydrat 3b405) 1,5 mg, zink (zinksulfat, monohydrat 3b605) 25 mg, mangan (mangan(II)sulfat, monohydrat 3b503) 2 mg, jod (calcium2b-iodat) ) 0,9 mg<\/p>\n<p><strong>Bindemiddel\/kg:<\/strong><br \/>\nDiatom\u00e9jord (E551c) 1500 mg<\/p>\n<p>&nbsp;<\/p>\n<p><strong>Kan ikke anbefales til<\/strong><br \/>\nPancreatitis<br \/>\n(bet\u00e6ndelse i bugspytkirtlen)<br \/>\nHyperlipid\u00e6mi<br \/>\n(forh\u00f8jet fedtstof i blodet)<br \/>\nSygdomme, der kr\u00e6ver en \u00f8get reduktion af fedtindhold<br \/>\nHvalpe og unghunde<br \/>\nop til 6. levem\u00e5ned<br \/>\nGraviditet, diegivende<br \/>\nHunde med Natriumretention<br \/>\n(hyppig vandladning)<br \/>\nHunde med nyrer eller leversygdom<\/p>\n<p>&nbsp;<\/p>\n<p><img loading=\"lazy\" decoding=\"async\" class=\"alignnone wp-image-6097\" src=\"https:\/\/3d-printere.dk\/wp-content\/uploads\/2025\/10\/VET-HUND-intestinal-vaadfoder-foderplan-040324-2-600x419.jpg\" alt=\"\" width=\"300\" height=\"209\" \/><\/p>\n<p><strong>Anbefalet varighed<\/strong><br \/>\nOp til 12 uger<\/p>\n<p><strong>Anbefalet foderm\u00e6ngde pr. dag<\/strong><br \/>\nM\u00e6ngden af \u200b\u200bfoder skal tilpasses hundens individuelle stofskifte og skal muligvis justeres i moderate m\u00e6ngder. Hunden skal altid have frisk vand til r\u00e5dighed.<\/p>\n<p>* senest mellem 12-15. levem\u00e5ned skal m\u00e6ngden af foder langsomt reduceres til den anbefalede daglige m\u00e6ngde til \u201cnormale voksne hundes behov\u201d i overensstemmelse med det faldende energibehov. Bem\u00e6rk ved blandet fodring: 100 g v\u00e5dfoder \u2248 40 g t\u00f8rfoder<\/p>\n","protected":false},"excerpt":{"rendered":"<p>&nbsp;<\/p>\n<p><!--more--><\/p>\n<p><span style=\"color: #339966;\">M\u00c5 KUN ANVENDES EFTER AFTALE MED EN DYRL\u00c6GE<\/span><br \/>\n<span style=\"color: #339966;\">Happy Dog VET er kun tilg\u00e6ngelig hos godkendte forhandlere<\/span><\/p>\n<p>Findes i 400 gr<\/p>\n<ul>\n<li>Akut og kronisk mave-tarm sygdomme<\/li>\n<li>Forbedret optagelse af n\u00e6ringsstoffer<\/li>\n<li>Med letford\u00f8jelige ingredienser som kylling og ris<\/li>\n<li>Stabilisering af aff\u00f8ringen og styrkelse af tarmfloraen ved hj\u00e6lp af kostfibre<\/li>\n<li>Glutenfri<\/li>\n<li>Med cikorie og mannanoligosaccharider* (MOS) til at genoprette tarmfloraen<\/li>\n<li>\u00d8get indhold af natrium og kalium<\/li>\n<\/ul>\n<p>* Mannanoligosaccharider (MOS) er komplekse kulhydrater, prim\u00e6rt best\u00e5ende af mannose, der findes naturligt i visse planter og g\u00e6r; de anvendes ofte som kosttilskud i dyrefoder for at fremme sund tarmfunktion og immunforsvar ved at virke pr\u00e6biotisk og binde patogene bakterier i tarmen.<\/p>\n","protected":false},"featured_media":0,"comment_status":"closed","ping_status":"closed","template":"","meta":[],"product_brand":[],"product_cat":[1825,1830,1832],"product_tag":[],"class_list":{"0":"post-1092","1":"product","2":"type-product","3":"status-publish","5":"product_cat-vet-hund","6":"product_cat-vet-hund-fordoejelsesbesvaer","7":"product_cat-vet-hund-vaadkost-vet-hund-fordoejelsesbesvaer","9":"first","10":"onbackorder","11":"taxable","12":"shipping-taxable","13":"purchasable","14":"product-type-simple"},"supplier_id":null,"supplier_sku":"","barcode":null,"atum_controlled":true,"out_stock_date":"2025-10-15 11:58:52","out_stock_threshold":null,"inheritable":false,"inbound_stock":null,"stock_on_hold":0,"sold_today":0,"sales_last_days":0,"reserved_stock":null,"customer_returns":null,"warehouse_damage":null,"lost_in_post":null,"other_logs":null,"out_stock_days":102,"lost_sales":0,"has_location":null,"update_date":"2026-01-26T00:06:51","atum_locations":[],"atum_stock_status":"onbackorder","restock_status":false,"low_stock_amount":"","sales_update_date":"2026-01-26T00:06:51","calc_backorders":0,"_links":{"self":[{"href":"https:\/\/3d-printere.dk\/index.php\/wp-json\/wp\/v2\/product\/1092","targetHints":{"allow":["GET"]}}],"collection":[{"href":"https:\/\/3d-printere.dk\/index.php\/wp-json\/wp\/v2\/product"}],"about":[{"href":"https:\/\/3d-printere.dk\/index.php\/wp-json\/wp\/v2\/types\/product"}],"replies":[{"embeddable":true,"href":"https:\/\/3d-printere.dk\/index.php\/wp-json\/wp\/v2\/comments?post=1092"}],"wp:attachment":[{"href":"https:\/\/3d-printere.dk\/index.php\/wp-json\/wp\/v2\/media?parent=1092"}],"wp:term":[{"taxonomy":"product_brand","embeddable":true,"href":"https:\/\/3d-printere.dk\/index.php\/wp-json\/wp\/v2\/product_brand?post=1092"},{"taxonomy":"product_cat","embeddable":true,"href":"https:\/\/3d-printere.dk\/index.php\/wp-json\/wp\/v2\/product_cat?post=1092"},{"taxonomy":"product_tag","embeddable":true,"href":"https:\/\/3d-printere.dk\/index.php\/wp-json\/wp\/v2\/product_tag?post=1092"}],"curies":[{"name":"wp","href":"https:\/\/api.w.org\/{rel}","templated":true}]}}